CRAN Package Check Results for Package eyelinkReader

Last updated on 2024-02-22 00:58:29 CET.

Flavor Version Tinstall Tcheck Ttotal Status Flags
r-devel-linux-x86_64-debian-clang 1.0.1 NOTE
r-devel-linux-x86_64-debian-gcc 1.0.1 35.56 59.91 95.47 NOTE
r-devel-linux-x86_64-fedora-clang 1.0.1 177.73 OK
r-devel-linux-x86_64-fedora-gcc 1.0.1 185.98 OK
r-devel-windows-x86_64 1.0.1 39.00 103.00 142.00 OK
r-patched-linux-x86_64 1.0.1 33.12 76.57 109.69 OK
r-release-linux-x86_64 1.0.1 33.11 77.97 111.08 OK
r-release-macos-arm64 1.0.1 57.00 OK
r-release-macos-x86_64 1.0.1 90.00 OK
r-release-windows-x86_64 1.0.1 50.00 119.00 169.00 OK
r-oldrel-macos-arm64 1.0.1 54.00 OK
r-oldrel-windows-x86_64 1.0.1 47.00 118.00 165.00 OK

Check Details

Version: 1.0.1
Check: Rd files
Result: NOTE checkRd: (-1) read_edf.Rd:32: Lost braces 32 | code{TRUE}} | ^ checkRd: (-1) read_edf.Rd:35: Lost braces 35 | code{TRUE}} | ^ Flavors: r-devel-linux-x86_64-debian-clang, r-devel-linux-x86_64-debian-gcc