CRAN Package Check Results for Package ezknitr

Last updated on 2021-12-06 04:50:35 CET.

Flavor Version Tinstall Tcheck Ttotal Status Flags
r-devel-linux-x86_64-debian-clang 0.6 2.27 33.30 35.57 NOTE
r-devel-linux-x86_64-debian-gcc 0.6 1.46 26.50 27.96 NOTE
r-devel-linux-x86_64-fedora-clang 0.6 44.80 NOTE
r-devel-linux-x86_64-fedora-gcc 0.6 33.65 NOTE
r-devel-windows-x86_64-new-UL 0.6 6.00 68.00 74.00 NOTE
r-devel-windows-x86_64-new-TK 0.6 NOTE
r-devel-windows-x86_64-old 0.6 4.00 39.00 43.00 NOTE
r-patched-linux-x86_64 0.6 2.33 24.25 26.58 NOTE
r-release-linux-x86_64 0.6 2.05 31.96 34.01 NOTE
r-release-macos-arm64 0.6 NOTE
r-release-macos-x86_64 0.6 NOTE
r-release-windows-ix86+x86_64 0.6 5.00 47.00 52.00 NOTE
r-oldrel-macos-x86_64 0.6 OK
r-oldrel-windows-ix86+x86_64 0.6 5.00 44.00 49.00 OK

Check Details

Version: 0.6
Check: LazyData
Result: NOTE
     'LazyData' is specified without a 'data' directory
Flavors: r-devel-linux-x86_64-debian-clang, r-devel-linux-x86_64-debian-gcc, r-devel-linux-x86_64-fedora-clang, r-devel-linux-x86_64-fedora-gcc, r-devel-windows-x86_64-new-UL, r-devel-windows-x86_64-new-TK, r-devel-windows-x86_64-old, r-patched-linux-x86_64, r-release-linux-x86_64, r-release-macos-arm64, r-release-macos-x86_64, r-release-windows-ix86+x86_64