CRAN Package Check Results for Package ezplot

Last updated on 2021-09-21 04:55:06 CEST.

Flavor Version Tinstall Tcheck Ttotal Status Flags
r-devel-linux-x86_64-debian-clang 0.7.2 7.16 124.20 131.36 OK
r-devel-linux-x86_64-debian-gcc 0.7.2 6.13 88.51 94.64 OK
r-devel-linux-x86_64-fedora-clang 0.7.2 155.68 OK
r-devel-linux-x86_64-fedora-gcc 0.7.2 143.02 OK
r-devel-windows-x86_64 0.7.2 11.00 113.00 124.00 OK
r-devel-windows-x86_64-gcc10-UCRT 0.7.2 ERROR
r-patched-linux-x86_64 0.7.2 7.67 116.76 124.43 OK
r-patched-solaris-x86 0.7.2 196.30 OK
r-release-linux-x86_64 0.7.2 7.20 116.94 124.14 OK
r-release-macos-arm64 0.7.2 OK
r-release-macos-x86_64 0.7.2 OK
r-release-windows-ix86+x86_64 0.7.2 17.00 116.00 133.00 OK
r-oldrel-macos-x86_64 0.7.2 OK
r-oldrel-windows-ix86+x86_64 0.7.2 18.00 160.00 178.00 OK

Check Details

Version: 0.7.2
Check: whether package can be installed
Result: WARN
    Found the following significant warnings:
     WARNING: installation-time patches will not be applied, could not get the patches index
Flavor: r-devel-windows-x86_64-gcc10-UCRT

Version: 0.7.2
Check: PDF version of manual
Result: WARN
    LaTeX errors when creating PDF version.
    This typically indicates Rd problems.
Flavor: r-devel-windows-x86_64-gcc10-UCRT

Version: 0.7.2
Check: PDF version of manual without hyperrefs or index
Result: ERROR
    Re-running with no redirection of stdout/stderr.
Flavor: r-devel-windows-x86_64-gcc10-UCRT