Last updated on 2023-10-03 01:04:50 CEST.
Flavor | Version | Tinstall | Tcheck | Ttotal | Status | Flags |
---|---|---|---|---|---|---|
r-devel-linux-x86_64-debian-clang | 4022.94 | 77.83 | 163.77 | 241.60 | OK | |
r-devel-linux-x86_64-debian-gcc | 4022.94 | 72.42 | 124.41 | 196.83 | OK | |
r-devel-linux-x86_64-fedora-clang | 4022.94 | 310.92 | OK | |||
r-devel-linux-x86_64-fedora-gcc | 4022.94 | 293.42 | OK | |||
r-devel-windows-x86_64 | 4022.94 | 73.00 | 153.00 | 226.00 | OK | |
r-patched-linux-x86_64 | 4022.94 | 83.77 | 157.75 | 241.52 | OK | |
r-release-linux-x86_64 | 4022.94 | 65.62 | 162.36 | 227.98 | OK | |
r-release-macos-arm64 | 4022.94 | 96.00 | OK | |||
r-release-macos-x86_64 | 4022.94 | 170.00 | NOTE | |||
r-release-windows-x86_64 | 4022.94 | 89.00 | 178.00 | 267.00 | OK | |
r-oldrel-macos-arm64 | 4022.94 | 106.00 | OK | |||
r-oldrel-macos-x86_64 | 4022.94 | 113.00 | OK | |||
r-oldrel-windows-x86_64 | 4022.94 | 89.00 | 188.00 | 277.00 | OK |
Version: 4022.94
Check: package dependencies
Result: NOTE
Package suggested but not available for checking: ‘interp’
Flavor: r-release-macos-x86_64