CRAN Package Check Results for Package fCopulae

Last updated on 2021-11-30 04:59:51 CET.

Flavor Version Tinstall Tcheck Ttotal Status Flags
r-devel-linux-x86_64-debian-clang 3042.82.1 18.77 228.85 247.62 NOTE
r-devel-linux-x86_64-debian-gcc 3042.82.1 13.77 160.90 174.67 NOTE
r-devel-linux-x86_64-fedora-clang 3042.82.1 304.52 NOTE
r-devel-linux-x86_64-fedora-gcc 3042.82.1 293.52 NOTE
r-devel-windows-x86_64-new-UL 3042.82.1 36.00 264.00 300.00 NOTE
r-devel-windows-x86_64-new-TK 3042.82.1 NOTE
r-devel-windows-x86_64-old 3042.82.1 30.00 213.00 243.00 NOTE
r-patched-linux-x86_64 3042.82.1 17.66 221.50 239.16 NOTE
r-patched-solaris-x86 3042.82.1 370.40 NOTE
r-release-linux-x86_64 3042.82.1 16.71 225.60 242.31 NOTE
r-release-macos-arm64 3042.82.1 NOTE
r-release-macos-x86_64 3042.82.1 NOTE
r-release-windows-ix86+x86_64 3042.82.1 33.00 216.00 249.00 NOTE
r-oldrel-macos-x86_64 3042.82.1 OK
r-oldrel-windows-ix86+x86_64 3042.82.1 24.00 250.00 274.00 OK

Check Details

Version: 3042.82.1
Check: LazyData
Result: NOTE
     'LazyData' is specified without a 'data' directory
Flavors: r-devel-linux-x86_64-debian-clang, r-devel-linux-x86_64-debian-gcc, r-devel-linux-x86_64-fedora-clang, r-devel-linux-x86_64-fedora-gcc, r-devel-windows-x86_64-new-UL, r-devel-windows-x86_64-new-TK, r-devel-windows-x86_64-old, r-patched-linux-x86_64, r-patched-solaris-x86, r-release-linux-x86_64, r-release-macos-arm64, r-release-macos-x86_64, r-release-windows-ix86+x86_64