CRAN Package Check Results for Package fGarch

Last updated on 2021-10-21 00:49:44 CEST.

Flavor Version Tinstall Tcheck Ttotal Status Flags
r-devel-linux-x86_64-debian-clang 3042.83.2 13.16 86.75 99.91 OK
r-devel-linux-x86_64-debian-gcc 3042.83.2 9.66 82.32 91.98 OK
r-devel-linux-x86_64-fedora-clang 3042.83.2 128.26 NOTE
r-devel-linux-x86_64-fedora-gcc 3042.83.2 115.71 NOTE
r-devel-windows-x86_64 3042.83.2 20.00 118.00 138.00 OK
r-devel-windows-x86_64-gcc10-UCRT 3042.83.2 OK
r-patched-linux-x86_64 3042.83.2 11.89 83.35 95.24 OK
r-patched-solaris-x86 3042.83.2 159.80 OK
r-release-linux-x86_64 3042.83.2 11.55 84.17 95.72 OK
r-release-macos-arm64 3042.83.2 OK
r-release-macos-x86_64 3042.83.2 OK
r-release-windows-ix86+x86_64 3042.83.2 22.00 148.00 170.00 OK
r-oldrel-macos-x86_64 3042.83.2 OK
r-oldrel-windows-ix86+x86_64 3042.83.2 28.00 165.00 193.00 OK

Check Details

Version: 3042.83.2
Check: compiled code
Result: NOTE
    File ‘fGarch/libs/fGarch.so’:
     Found no calls to: ‘R_registerRoutines’, ‘R_useDynamicSymbols’
    
    It is good practice to register native routines and to disable symbol
    search.
    
    See ‘Writing portable packages’ in the ‘Writing R Extensions’ manual.
Flavors: r-devel-linux-x86_64-fedora-clang, r-devel-linux-x86_64-fedora-gcc