CRAN Package Check Results for Package factoextra

Last updated on 2021-10-21 04:58:29 CEST.

Flavor Version Tinstall Tcheck Ttotal Status Flags
r-devel-linux-x86_64-debian-clang 1.0.7 10.93 103.95 114.88 OK
r-devel-linux-x86_64-debian-gcc 1.0.7 7.81 76.51 84.32 OK
r-devel-linux-x86_64-fedora-clang 1.0.7 144.01 OK
r-devel-linux-x86_64-fedora-gcc 1.0.7 134.91 OK
r-devel-windows-x86_64 1.0.7 17.00 133.00 150.00 OK
r-devel-windows-x86_64-gcc10-UCRT 1.0.7 NOTE
r-patched-linux-x86_64 1.0.7 11.44 99.15 110.59 OK
r-patched-solaris-x86 1.0.7 174.80 OK
r-release-linux-x86_64 1.0.7 8.94 97.25 106.19 OK
r-release-macos-arm64 1.0.7 OK
r-release-macos-x86_64 1.0.7 OK
r-release-windows-ix86+x86_64 1.0.7 22.00 134.00 156.00 OK
r-oldrel-macos-x86_64 1.0.7 OK
r-oldrel-windows-ix86+x86_64 1.0.7 25.00 124.00 149.00 OK

Check Details

Version: 1.0.7
Check: package dependencies
Result: NOTE
    Package suggested but not available for checking: 'igraph'
Flavor: r-devel-windows-x86_64-gcc10-UCRT

Version: 1.0.7
Check: Rd cross-references
Result: NOTE
    Package unavailable to check Rd xrefs: 'igraph'
Flavor: r-devel-windows-x86_64-gcc10-UCRT