CRAN Package Check Results for Package factoextra

Last updated on 2023-11-30 08:49:53 CET.

Flavor Version Tinstall Tcheck Ttotal Status Flags
r-devel-linux-x86_64-debian-clang 1.0.7 12.00 121.89 133.89 NOTE
r-devel-linux-x86_64-debian-gcc 1.0.7 9.45 89.67 99.12 NOTE
r-devel-linux-x86_64-fedora-clang 1.0.7 160.96 OK
r-devel-linux-x86_64-fedora-gcc 1.0.7 155.50 OK
r-devel-windows-x86_64 1.0.7 10.00 110.00 120.00 OK
r-patched-linux-x86_64 1.0.7 10.74 115.02 125.76 OK
r-release-linux-x86_64 1.0.7 8.30 113.80 122.10 OK
r-release-macos-arm64 1.0.7 50.00 OK
r-release-macos-x86_64 1.0.7 73.00 OK
r-release-windows-x86_64 1.0.7 16.00 133.00 149.00 OK
r-oldrel-macos-arm64 1.0.7 42.00 OK
r-oldrel-macos-x86_64 1.0.7 72.00 OK
r-oldrel-windows-x86_64 1.0.7 16.00 131.00 147.00 OK

Check Details

Version: 1.0.7
Check: Rd files
Result: NOTE checkRd: (-1) fviz_nbclust.Rd:75: Lost braces; missing escapes or markup? 75 | (2001) proposed: "the smallest k such that gap(k) >= gap(k+1) - s_{k+1}". | ^ checkRd: (-1) fviz_nbclust.Rd:77: Lost braces; missing escapes or markup? 77 | SE.factor*s_{k+1}" where SE.factor is a numeric value which can be 1 | ^ Flavors: r-devel-linux-x86_64-debian-clang, r-devel-linux-x86_64-debian-gcc