Last updated on 2023-09-24 00:56:41 CEST.
Flavor | Version | Tinstall | Tcheck | Ttotal | Status | Flags |
---|---|---|---|---|---|---|
r-devel-linux-x86_64-debian-clang | 1.3 | 10.90 | 90.45 | 101.35 | NOTE | |
r-devel-linux-x86_64-debian-gcc | 1.3 | 8.52 | 69.14 | 77.66 | NOTE | |
r-devel-linux-x86_64-fedora-clang | 1.3 | 121.84 | NOTE | |||
r-devel-linux-x86_64-fedora-gcc | 1.3 | 122.85 | NOTE | |||
r-devel-windows-x86_64 | 1.3 | 11.00 | 88.00 | 99.00 | NOTE | |
r-patched-linux-x86_64 | 1.3 | 11.67 | 88.49 | 100.16 | OK | |
r-release-linux-x86_64 | 1.3 | 8.76 | 88.79 | 97.55 | OK | |
r-release-macos-arm64 | 1.3 | 37.00 | OK | |||
r-release-macos-x86_64 | 1.3 | 66.00 | OK | |||
r-release-windows-x86_64 | 1.3 | 13.00 | 109.00 | 122.00 | OK | |
r-oldrel-macos-arm64 | 1.3 | 53.00 | OK | |||
r-oldrel-macos-x86_64 | 1.3 | 51.00 | OK | |||
r-oldrel-windows-x86_64 | 1.3 | 14.00 | 106.00 | 120.00 | OK |
Version: 1.3
Check: Rd contents
Result: NOTE
Auto-generated content requiring editing in Rd object 'procrustes_switching':
\details: ‘If necessary, more details than the description above.’
Auto-generated content requiring editing in Rd object 'rsp_exact':
\details: ‘If necessary, more details than the description above.’
Auto-generated content requiring editing in Rd object 'rsp_full_sa':
\details: ‘If necessary, more details than the description above.’
Auto-generated content requiring editing in Rd object 'rsp_partial_sa':
\details: ‘If necessary, more details than the description above.’
Auto-generated content requiring editing in Rd object 'weighted_procrustes_switching':
\details: ‘If necessary, more details than the description above.’
Flavors: r-devel-linux-x86_64-debian-clang, r-devel-linux-x86_64-debian-gcc, r-devel-linux-x86_64-fedora-clang, r-devel-linux-x86_64-fedora-gcc, r-devel-windows-x86_64