Last updated on 2024-04-23 01:06:08 CEST.
Flavor | Version | Tinstall | Tcheck | Ttotal | Status | Flags |
---|---|---|---|---|---|---|
r-devel-linux-x86_64-debian-clang | 1.1.0 | 143.75 | 104.62 | 248.37 | OK | |
r-devel-linux-x86_64-debian-gcc | 1.1.0 | 102.64 | 76.22 | 178.86 | OK | |
r-devel-linux-x86_64-fedora-clang | 1.1.0 | 324.51 | OK | |||
r-devel-linux-x86_64-fedora-gcc | 1.1.0 | 333.48 | OK | |||
r-prerel-macos-arm64 | 1.1.0 | 76.00 | NOTE | |||
r-prerel-windows-x86_64 | 1.1.0 | 94.00 | 132.00 | 226.00 | OK | |
r-patched-linux-x86_64 | 1.1.0 | 133.48 | 100.38 | 233.86 | OK | |
r-release-linux-x86_64 | 1.1.0 | 128.37 | 99.18 | 227.55 | OK | |
r-release-macos-arm64 | 1.1.0 | 93.00 | NOTE | |||
r-release-macos-x86_64 | 1.1.0 | 268.00 | NOTE | |||
r-release-windows-x86_64 | 1.1.0 | 114.00 | 146.00 | 260.00 | OK | |
r-oldrel-macos-arm64 | 1.1.0 | 79.00 | NOTE | |||
r-oldrel-windows-x86_64 | 1.1.0 | 113.00 | 143.00 | 256.00 | OK |
Version: 1.1.0
Check: installed package size
Result: NOTE
installed size is 7.6Mb
sub-directories of 1Mb or more:
doc 2.5Mb
libs 4.7Mb
Flavors: r-prerel-macos-arm64, r-release-macos-arm64, r-release-macos-x86_64, r-oldrel-macos-arm64