Last updated on 2023-12-07 20:48:37 CET.
Flavor | Version | Tinstall | Tcheck | Ttotal | Status | Flags |
---|---|---|---|---|---|---|
r-devel-linux-x86_64-debian-clang | 1.0.0 | 7.74 | 124.01 | 131.75 | NOTE | |
r-devel-linux-x86_64-debian-gcc | 1.0.0 | 5.99 | 82.07 | 88.06 | NOTE | |
r-devel-linux-x86_64-fedora-clang | 1.0.0 | 171.95 | NOTE | |||
r-devel-linux-x86_64-fedora-gcc | 1.0.0 | 175.22 | NOTE | |||
r-devel-windows-x86_64 | 1.0.0 | 8.00 | 117.00 | 125.00 | OK | |
r-patched-linux-x86_64 | 1.0.0 | 8.38 | 121.95 | 130.33 | OK | |
r-release-linux-x86_64 | 1.0.0 | 5.33 | 120.78 | 126.11 | OK | |
r-release-macos-arm64 | 1.0.0 | 53.00 | OK | |||
r-release-macos-x86_64 | 1.0.0 | 134.00 | OK | |||
r-release-windows-x86_64 | 1.0.0 | 10.00 | 114.00 | 124.00 | OK | |
r-oldrel-macos-arm64 | 1.0.0 | 46.00 | OK | |||
r-oldrel-macos-x86_64 | 1.0.0 | 96.00 | OK | |||
r-oldrel-windows-x86_64 | 1.0.0 | 10.00 | 119.00 | 129.00 | OK |
Version: 1.0.0
Check: Rd files
Result: NOTE
checkRd: (-1) fra_sf.Rd:22: Lost braces; missing escapes or markup?
22 | A map of France as {sf} object. Can be used as dataset or for maps
| ^
Flavors: r-devel-linux-x86_64-debian-clang, r-devel-linux-x86_64-debian-gcc
Version: 1.0.0
Check: data for non-ASCII characters
Result: NOTE
Note: found 55 marked UTF-8 strings
Flavors: r-devel-linux-x86_64-fedora-clang, r-devel-linux-x86_64-fedora-gcc