Last updated on 2024-04-19 01:04:31 CEST.
Flavor | Version | Tinstall | Tcheck | Ttotal | Status | Flags |
---|---|---|---|---|---|---|
r-devel-linux-x86_64-debian-clang | 0.1.1 | 2.27 | 33.44 | 35.71 | NOTE | |
r-devel-linux-x86_64-debian-gcc | 0.1.1 | 2.31 | 26.32 | 28.63 | NOTE | |
r-devel-linux-x86_64-fedora-clang | 0.1.1 | 47.95 | NOTE | |||
r-devel-linux-x86_64-fedora-gcc | 0.1.1 | 58.04 | NOTE | |||
r-prerel-macos-arm64 | 0.1.1 | 24.00 | NOTE | |||
r-prerel-windows-x86_64 | 0.1.1 | 5.00 | 53.00 | 58.00 | NOTE | |
r-patched-linux-x86_64 | 0.1.1 | 3.20 | 32.21 | 35.41 | NOTE | |
r-release-linux-x86_64 | 0.1.1 | 2.69 | 31.80 | 34.49 | NOTE | |
r-release-macos-arm64 | 0.1.1 | 26.00 | NOTE | |||
r-release-macos-x86_64 | 0.1.1 | 35.00 | NOTE | |||
r-release-windows-x86_64 | 0.1.1 | 4.00 | 52.00 | 56.00 | NOTE | |
r-oldrel-macos-arm64 | 0.1.1 | 19.00 | NOTE | |||
r-oldrel-windows-x86_64 | 0.1.1 | 5.00 | 54.00 | 59.00 | NOTE |
Version: 0.1.1
Check: LazyData
Result: NOTE
'LazyData' is specified without a 'data' directory
Flavors: r-devel-linux-x86_64-debian-clang, r-devel-linux-x86_64-debian-gcc, r-devel-linux-x86_64-fedora-clang, r-devel-linux-x86_64-fedora-gcc, r-prerel-macos-arm64, r-prerel-windows-x86_64, r-patched-linux-x86_64, r-release-linux-x86_64, r-release-macos-arm64, r-release-macos-x86_64, r-release-windows-x86_64, r-oldrel-macos-arm64, r-oldrel-windows-x86_64