CRAN Package Check Results for Package far

Last updated on 2021-11-30 20:49:16 CET.

Flavor Version Tinstall Tcheck Ttotal Status Flags
r-devel-linux-x86_64-debian-clang 0.6-5 6.71 36.09 42.80 OK
r-devel-linux-x86_64-debian-gcc 0.6-5 3.56 28.02 31.58 OK
r-devel-linux-x86_64-fedora-clang 0.6-5 62.28 NOTE
r-devel-linux-x86_64-fedora-gcc 0.6-5 51.57 NOTE
r-devel-windows-x86_64-new-UL 0.6-5 13.00 73.00 86.00 OK
r-devel-windows-x86_64-new-TK 0.6-5 OK
r-devel-windows-x86_64-old 0.6-5 10.00 46.00 56.00 OK
r-patched-linux-x86_64 0.6-5 6.92 34.94 41.86 OK
r-patched-solaris-x86 0.6-5 76.20 OK
r-release-linux-x86_64 0.6-5 4.95 34.58 39.53 OK
r-release-macos-arm64 0.6-5 OK
r-release-macos-x86_64 0.6-5 OK
r-release-windows-ix86+x86_64 0.6-5 12.00 49.00 61.00 OK
r-oldrel-macos-x86_64 0.6-5 OK
r-oldrel-windows-ix86+x86_64 0.6-5 8.00 50.00 58.00 OK

Check Details

Version: 0.6-5
Check: compiled code
Result: NOTE
    File ‘far/libs/far.so’:
     Found no calls to: ‘R_registerRoutines’, ‘R_useDynamicSymbols’
    
    It is good practice to register native routines and to disable symbol
    search.
    
    See ‘Writing portable packages’ in the ‘Writing R Extensions’ manual.
Flavors: r-devel-linux-x86_64-fedora-clang, r-devel-linux-x86_64-fedora-gcc