CRAN Package Check Results for Package fastDummies

Last updated on 2021-10-24 16:54:02 CEST.

Flavor Version Tinstall Tcheck Ttotal Status Flags
r-devel-linux-x86_64-debian-clang 1.6.3 2.41 31.07 33.48 NOTE
r-devel-linux-x86_64-debian-gcc 1.6.3 1.75 24.07 25.82 NOTE
r-devel-linux-x86_64-fedora-clang 1.6.3 51.33 NOTE
r-devel-linux-x86_64-fedora-gcc 1.6.3 40.40 NOTE
r-devel-windows-x86_64 1.6.3 4.00 56.00 60.00 NOTE
r-devel-windows-x86_64-gcc10-UCRT 1.6.3 NOTE
r-patched-linux-x86_64 1.6.3 2.39 31.02 33.41 NOTE
r-patched-solaris-x86 1.6.3 66.10 NOTE
r-release-linux-x86_64 1.6.3 2.55 30.78 33.33 NOTE
r-release-macos-arm64 1.6.3 NOTE
r-release-macos-x86_64 1.6.3 NOTE
r-release-windows-ix86+x86_64 1.6.3 4.00 51.00 55.00 NOTE
r-oldrel-macos-x86_64 1.6.3 OK
r-oldrel-windows-ix86+x86_64 1.6.3 6.00 54.00 60.00 OK

Check Details

Version: 1.6.3
Check: LazyData
Result: NOTE
     'LazyData' is specified without a 'data' directory
Flavors: r-devel-linux-x86_64-debian-clang, r-devel-linux-x86_64-debian-gcc, r-devel-linux-x86_64-fedora-clang, r-devel-linux-x86_64-fedora-gcc, r-devel-windows-x86_64, r-devel-windows-x86_64-gcc10-UCRT, r-patched-linux-x86_64, r-patched-solaris-x86, r-release-linux-x86_64, r-release-macos-arm64, r-release-macos-x86_64, r-release-windows-ix86+x86_64