Last updated on 2023-06-05 16:54:54 CEST.
Flavor | Version | Tinstall | Tcheck | Ttotal | Status | Flags |
---|---|---|---|---|---|---|
r-devel-linux-x86_64-debian-clang | 0.6.0 | 74.06 | 135.69 | 209.75 | OK | |
r-devel-linux-x86_64-debian-gcc | 0.6.0 | 50.38 | 100.73 | 151.11 | OK | |
r-devel-linux-x86_64-fedora-clang | 0.6.0 | 271.10 | NOTE | |||
r-devel-linux-x86_64-fedora-gcc | 0.6.0 | 264.93 | OK | |||
r-devel-windows-x86_64 | 0.6.0 | 60.00 | 139.00 | 199.00 | NOTE | |
r-patched-linux-x86_64 | 0.6.0 | 58.07 | 126.74 | 184.81 | OK | |
r-release-linux-x86_64 | 0.6.0 | 58.90 | 125.58 | 184.48 | OK | |
r-release-macos-arm64 | 0.6.0 | 71.00 | NOTE | |||
r-release-macos-x86_64 | 0.6.0 | 118.00 | NOTE | |||
r-release-windows-x86_64 | 0.6.0 | 74.00 | 162.00 | 236.00 | NOTE | |
r-oldrel-macos-arm64 | 0.6.0 | 71.00 | NOTE | |||
r-oldrel-macos-x86_64 | 0.6.0 | 134.00 | NOTE | |||
r-oldrel-windows-x86_64 | 0.6.0 | 73.00 | 156.00 | 229.00 | NOTE |
Version: 0.6.0
Check: installed package size
Result: NOTE
installed size is 5.4Mb
sub-directories of 1Mb or more:
data 4.9Mb
Flavors: r-devel-linux-x86_64-fedora-clang, r-devel-windows-x86_64, r-release-macos-arm64, r-release-macos-x86_64, r-release-windows-x86_64, r-oldrel-macos-arm64, r-oldrel-macos-x86_64, r-oldrel-windows-x86_64