Last updated on 2024-03-28 23:55:06 CET.
Flavor | Version | Tinstall | Tcheck | Ttotal | Status | Flags |
---|---|---|---|---|---|---|
r-devel-linux-x86_64-debian-clang | 0.0-4 | 28.26 | 31.50 | 59.76 | OK | |
r-devel-linux-x86_64-debian-gcc | 0.0-4 | 24.17 | 24.63 | 48.80 | OK | |
r-devel-linux-x86_64-fedora-clang | 0.0-4 | 88.72 | NOTE | |||
r-devel-linux-x86_64-fedora-gcc | 0.0-4 | 86.41 | OK | |||
r-devel-windows-x86_64 | 0.0-4 | 26.00 | 74.00 | 100.00 | OK | |
r-patched-linux-x86_64 | 0.0-4 | 31.95 | 31.77 | 63.72 | OK | |
r-release-linux-x86_64 | 0.0-4 | 30.36 | 30.87 | 61.23 | OK | |
r-release-macos-arm64 | 0.0-4 | 32.00 | OK | |||
r-release-macos-x86_64 | 0.0-4 | 46.00 | OK | |||
r-release-windows-x86_64 | 0.0-4 | 34.00 | 78.00 | 112.00 | OK | |
r-oldrel-macos-arm64 | 0.0-4 | 28.00 | OK | |||
r-oldrel-windows-x86_64 | 0.0-4 | 33.00 | 72.00 | 105.00 | OK |
Version: 0.0-4
Check: Rd cross-references
Result: NOTE
Undeclared packages ‘ICSNP’, ‘ICS’ in Rd xrefs
Flavor: r-devel-linux-x86_64-fedora-clang