Last updated on 2024-03-28 23:55:06 CET.
Flavor | Version | Tinstall | Tcheck | Ttotal | Status | Flags |
---|---|---|---|---|---|---|
r-devel-linux-x86_64-debian-clang | 2.2.1 | 32.03 | 284.95 | 316.98 | NOTE | |
r-devel-linux-x86_64-debian-gcc | 2.2.1 | 22.27 | 212.62 | 234.89 | NOTE | |
r-devel-linux-x86_64-fedora-clang | 2.2.1 | 404.61 | NOTE | |||
r-devel-linux-x86_64-fedora-gcc | 2.2.1 | 406.34 | NOTE | |||
r-devel-windows-x86_64 | 2.2.1 | 93.00 | 969.00 | 1062.00 | NOTE | |
r-patched-linux-x86_64 | 2.2.1 | 32.97 | 271.82 | 304.79 | NOTE | |
r-release-linux-x86_64 | 2.2.1 | 26.56 | 269.94 | 296.50 | OK | |
r-release-macos-arm64 | 2.2.1 | 145.00 | NOTE | |||
r-release-macos-x86_64 | 2.2.1 | 201.00 | NOTE | |||
r-release-windows-x86_64 | 2.2.1 | 63.00 | 701.00 | 764.00 | NOTE | |
r-oldrel-macos-arm64 | 2.2.1 | 73.00 | NOTE | |||
r-oldrel-windows-x86_64 | 2.2.1 | 66.00 | 514.00 | 580.00 | NOTE |
Version: 2.2.1
Check: Rd files
Result: NOTE
checkRd: (-1) icevision_IAAAffine.Rd:50: Lost braces; missing escapes or markup?
50 | via affine transformations. Note: This class introduce interpolation artifacts to mask if it has values other than {0;1}
| ^
checkRd: (-1) icevision_IAAPerspective.Rd:30: Lost braces; missing escapes or markup?
30 | Note: This class introduce interpolation artifacts to mask if it has values other than {0;1}
| ^
checkRd: (-1) icevision_IAAPiecewiseAffine.Rd:42: Lost braces; missing escapes or markup?
42 | via affine transformations. Note: This class introduce interpolation artifacts to mask if it has values other than {0;1}
| ^
Flavors: r-devel-linux-x86_64-debian-clang, r-devel-linux-x86_64-debian-gcc, r-devel-linux-x86_64-fedora-clang, r-devel-linux-x86_64-fedora-gcc, r-devel-windows-x86_64, r-patched-linux-x86_64
Version: 2.2.1
Check: installed package size
Result: NOTE
installed size is 5.2Mb
sub-directories of 1Mb or more:
doc 3.0Mb
help 1.2Mb
Flavors: r-devel-linux-x86_64-fedora-clang, r-devel-windows-x86_64, r-release-macos-arm64, r-release-macos-x86_64, r-release-windows-x86_64, r-oldrel-macos-arm64, r-oldrel-windows-x86_64
Version: 2.2.1
Check: whether the namespace can be loaded with stated dependencies
Result: NOTE
Warning in py_initialize(config$python, config$libpython, config$pythonhome, :
Python 2 reached EOL on January 1, 2020. Python 2 compatability be removed in an upcoming reticulate release.
A namespace must be able to be loaded with just the base namespace
loaded: otherwise if the namespace gets loaded by a saved object, the
session will be unable to start.
Probably some imports need to be declared in the NAMESPACE file.
Flavors: r-release-macos-arm64, r-oldrel-macos-arm64