Last updated on 2023-05-28 13:57:28 CEST.
Flavor | Version | Tinstall | Tcheck | Ttotal | Status | Flags |
---|---|---|---|---|---|---|
r-devel-linux-x86_64-debian-clang | 1.0.4 | 124.13 | 285.09 | 409.22 | NOTE | |
r-devel-linux-x86_64-debian-gcc | 1.0.4 | 94.90 | 211.69 | 306.59 | NOTE | |
r-devel-linux-x86_64-fedora-clang | 1.0.4 | 539.08 | NOTE | |||
r-devel-linux-x86_64-fedora-gcc | 1.0.4 | 532.49 | NOTE | |||
r-devel-windows-x86_64 | 1.0.4 | 96.00 | 205.00 | 301.00 | NOTE | |
r-patched-linux-x86_64 | 1.0.4 | 105.81 | 266.74 | 372.55 | NOTE | |
r-release-linux-x86_64 | 1.0.4 | 104.86 | 268.46 | 373.32 | NOTE | |
r-release-macos-arm64 | 1.0.4 | 119.00 | NOTE | |||
r-release-macos-x86_64 | 1.0.4 | 231.00 | NOTE | |||
r-release-windows-x86_64 | 1.0.4 | 122.00 | 268.00 | 390.00 | NOTE | |
r-oldrel-macos-arm64 | 1.0.4 | 106.00 | OK | |||
r-oldrel-macos-x86_64 | 1.0.4 | 148.00 | OK | |||
r-oldrel-windows-x86_64 | 1.0.4 | 124.00 | 256.00 | 380.00 | OK |
Version: 1.0.4
Check: C++ specification
Result: NOTE
Specified C++11: please drop specification unless essential
Flavors: r-devel-linux-x86_64-debian-clang, r-devel-linux-x86_64-debian-gcc, r-devel-linux-x86_64-fedora-clang, r-devel-linux-x86_64-fedora-gcc, r-devel-windows-x86_64, r-patched-linux-x86_64, r-release-linux-x86_64, r-release-macos-arm64, r-release-macos-x86_64, r-release-windows-x86_64