CRAN Package Check Results for Package fastmap

Last updated on 2021-09-16 16:50:13 CEST.

Flavor Version Tinstall Tcheck Ttotal Status Flags
r-devel-linux-x86_64-debian-clang 1.1.0 5.60 37.94 43.54 NOTE
r-devel-linux-x86_64-debian-gcc 1.1.0 3.51 27.38 30.89 NOTE
r-devel-linux-x86_64-fedora-clang 1.1.0 62.03 NOTE
r-devel-linux-x86_64-fedora-gcc 1.1.0 50.57 NOTE
r-devel-windows-x86_64 1.1.0 10.00 56.00 66.00 NOTE
r-devel-windows-x86_64-gcc10-UCRT 1.1.0 NOTE
r-patched-linux-x86_64 1.1.0 5.28 35.76 41.04 NOTE
r-patched-solaris-x86 1.1.0 74.40 NOTE
r-release-linux-x86_64 1.1.0 5.06 35.76 40.82 NOTE
r-release-macos-arm64 1.1.0 NOTE
r-release-macos-x86_64 1.1.0 NOTE
r-release-windows-ix86+x86_64 1.1.0 17.00 63.00 80.00 NOTE
r-oldrel-macos-x86_64 1.1.0 OK
r-oldrel-windows-ix86+x86_64 1.1.0 15.00 71.00 86.00 OK

Check Details

Version: 1.1.0
Check: LazyData
Result: NOTE
     'LazyData' is specified without a 'data' directory
Flavors: r-devel-linux-x86_64-debian-clang, r-devel-linux-x86_64-debian-gcc, r-devel-linux-x86_64-fedora-clang, r-devel-linux-x86_64-fedora-gcc, r-devel-windows-x86_64, r-devel-windows-x86_64-gcc10-UCRT, r-patched-linux-x86_64, r-patched-solaris-x86, r-release-linux-x86_64, r-release-macos-arm64, r-release-macos-x86_64, r-release-windows-ix86+x86_64