Last updated on 2024-04-20 08:50:52 CEST.
Flavor | Version | Tinstall | Tcheck | Ttotal | Status | Flags |
---|---|---|---|---|---|---|
r-devel-linux-x86_64-debian-clang | 0.5.1 | 36.81 | 83.80 | 120.61 | NOTE | |
r-devel-linux-x86_64-debian-gcc | 0.5.1 | 26.97 | 63.39 | 90.36 | NOTE | |
r-devel-linux-x86_64-fedora-clang | 0.5.1 | 160.90 | NOTE | |||
r-devel-linux-x86_64-fedora-gcc | 0.5.1 | 154.31 | NOTE | |||
r-prerel-macos-arm64 | 0.5.1 | 41.00 | NOTE | |||
r-prerel-windows-x86_64 | 0.5.1 | 29.00 | 100.00 | 129.00 | NOTE | |
r-patched-linux-x86_64 | 0.5.1 | 32.44 | 81.80 | 114.24 | NOTE | |
r-release-linux-x86_64 | 0.5.1 | 35.92 | 80.18 | 116.10 | NOTE | |
r-release-macos-arm64 | 0.5.1 | 46.00 | NOTE | |||
r-release-macos-x86_64 | 0.5.1 | 72.00 | NOTE | |||
r-release-windows-x86_64 | 0.5.1 | 37.00 | 124.00 | 161.00 | NOTE | |
r-oldrel-macos-arm64 | 0.5.1 | 51.00 | OK | |||
r-oldrel-windows-x86_64 | 0.5.1 | 37.00 | 124.00 | 161.00 | OK |
Version: 0.5.1
Check: C++ specification
Result: NOTE
Specified C++11: please drop specification unless essential
Flavors: r-devel-linux-x86_64-debian-clang, r-devel-linux-x86_64-debian-gcc, r-devel-linux-x86_64-fedora-clang, r-devel-linux-x86_64-fedora-gcc, r-prerel-macos-arm64, r-prerel-windows-x86_64, r-patched-linux-x86_64, r-release-linux-x86_64, r-release-macos-arm64, r-release-macos-x86_64, r-release-windows-x86_64