Last updated on 2024-03-28 23:55:06 CET.
Flavor | Version | Tinstall | Tcheck | Ttotal | Status | Flags |
---|---|---|---|---|---|---|
r-devel-linux-x86_64-debian-clang | 0.7 | 3.82 | 53.05 | 56.87 | OK | |
r-devel-linux-x86_64-debian-gcc | 0.7 | 4.34 | 39.80 | 44.14 | OK | |
r-devel-linux-x86_64-fedora-clang | 0.7 | 74.01 | NOTE | |||
r-devel-linux-x86_64-fedora-gcc | 0.7 | 82.76 | NOTE | |||
r-devel-windows-x86_64 | 0.7 | 5.00 | 59.00 | 64.00 | OK | |
r-patched-linux-x86_64 | 0.7 | 3.15 | 52.16 | 55.31 | OK | |
r-release-linux-x86_64 | 0.7 | 4.06 | 48.27 | 52.33 | OK | |
r-release-macos-arm64 | 0.7 | 32.00 | OK | |||
r-release-macos-x86_64 | 0.7 | 46.00 | OK | |||
r-release-windows-x86_64 | 0.7 | 7.00 | 66.00 | 73.00 | OK | |
r-oldrel-macos-arm64 | 0.7 | 28.00 | NOTE | |||
r-oldrel-windows-x86_64 | 0.7 | 8.00 | 69.00 | 77.00 | OK |
Version: 0.7
Check: dependencies in R code
Result: NOTE
Namespace in Imports field not imported from: ‘ggplot2’
All declared Imports should be used.
Flavors: r-devel-linux-x86_64-fedora-clang, r-devel-linux-x86_64-fedora-gcc, r-oldrel-macos-arm64