CRAN Package Check Results for Package fastrmodels

Last updated on 2023-10-03 01:04:50 CEST.

Flavor Version Tinstall Tcheck Ttotal Status Flags
r-devel-linux-x86_64-debian-clang 1.0.2 55.96 80.71 136.67 OK
r-devel-linux-x86_64-debian-gcc 1.0.2 44.98 61.83 106.81 OK
r-devel-linux-x86_64-fedora-clang 1.0.2 167.80 NOTE
r-devel-linux-x86_64-fedora-gcc 1.0.2 166.21 OK
r-devel-windows-x86_64 1.0.2 49.00 74.00 123.00 NOTE
r-patched-linux-x86_64 1.0.2 51.70 78.19 129.89 OK
r-release-linux-x86_64 1.0.2 51.13 77.85 128.98 OK
r-release-macos-arm64 1.0.2 79.00 NOTE
r-release-macos-x86_64 1.0.2 106.00 NOTE
r-release-windows-x86_64 1.0.2 62.00 87.00 149.00 NOTE
r-oldrel-macos-arm64 1.0.2 83.00 NOTE
r-oldrel-macos-x86_64 1.0.2 85.00 NOTE
r-oldrel-windows-x86_64 1.0.2 62.00 94.00 156.00 NOTE

Check Details

Version: 1.0.2
Check: installed package size
Result: NOTE
     installed size is 15.8Mb
     sub-directories of 1Mb or more:
     data 15.7Mb
Flavors: r-devel-linux-x86_64-fedora-clang, r-devel-windows-x86_64, r-release-macos-arm64, r-release-macos-x86_64, r-release-windows-x86_64, r-oldrel-macos-arm64, r-oldrel-macos-x86_64, r-oldrel-windows-x86_64