CRAN Package Check Results for Package faux

Last updated on 2021-09-26 04:50:30 CEST.

Flavor Version Tinstall Tcheck Ttotal Status Flags
r-devel-linux-x86_64-debian-clang 1.1.0 9.95 156.53 166.48 OK
r-devel-linux-x86_64-debian-gcc 1.1.0 9.36 116.81 126.17 ERROR
r-devel-linux-x86_64-fedora-clang 1.1.0 ERROR
r-devel-linux-x86_64-fedora-gcc 1.1.0 201.46 ERROR
r-devel-windows-x86_64 1.1.0 17.00 157.00 174.00 OK
r-devel-windows-x86_64-gcc10-UCRT 1.1.0 OK
r-patched-linux-x86_64 1.1.0 11.55 156.15 167.70 OK
r-patched-solaris-x86 1.1.0 222.50 OK
r-release-linux-x86_64 1.1.0 9.48 156.26 165.74 OK
r-release-macos-arm64 1.1.0 OK
r-release-macos-x86_64 1.1.0 OK
r-release-windows-ix86+x86_64 1.1.0 27.00 181.00 208.00 OK
r-oldrel-macos-x86_64 1.1.0 ERROR
r-oldrel-windows-ix86+x86_64 1.1.0 18.00 162.00 180.00 ERROR

Check Details

Version: 1.1.0
Check: tests
Result: ERROR
     Running ‘testthat.R’ [21s/33s]
    Running the tests in ‘tests/testthat.R’ failed.
    Complete output:
     > library(testthat)
     > library(faux)
    
     ************
     Welcome to faux. For support and examples visit:
     https://debruine.github.io/faux/
     - Get and set global package options with: faux_options()
     ************
     >
     > expect_equal <- function(...) {
     + testthat::expect_equal(..., check.environment=FALSE)
     + }
     >
     > test_check("faux")
     ══ Skipped tests ═══════════════════════════════════════════════════════════════
     • On CRAN (11)
     • Too variable (1)
    
     ══ Failed tests ════════════════════════════════════════════════════════════════
     ── Failure (test-getcols.R:2:3): error ─────────────────────────────────────────
     `getcols()` did not throw an error.
    
     [ FAIL 1 | WARN 0 | SKIP 12 | PASS 1274 ]
     Error: Test failures
     Execution halted
Flavor: r-devel-linux-x86_64-debian-gcc

Version: 1.1.0
Check: tests
Result: ERROR
     Running ‘testthat.R’ [32s/37s]
    Running the tests in ‘tests/testthat.R’ failed.
    Complete output:
     > library(testthat)
     > library(faux)
    
     ************
     Welcome to faux. For support and examples visit:
     https://debruine.github.io/faux/
     - Get and set global package options with: faux_options()
     ************
     >
     > expect_equal <- function(...) {
     + testthat::expect_equal(..., check.environment=FALSE)
     + }
     >
     > test_check("faux")
     ══ Skipped tests ═══════════════════════════════════════════════════════════════
     • On CRAN (11)
     • Too variable (1)
    
     ══ Failed tests ════════════════════════════════════════════════════════════════
     ── Failure (test-getcols.R:2:3): error ─────────────────────────────────────────
     `getcols()` did not throw an error.
    
     [ FAIL 1 | WARN 0 | SKIP 12 | PASS 1274 ]
     Error: Test failures
     Execution halted
Flavor: r-devel-linux-x86_64-fedora-clang

Version: 1.1.0
Check: tests
Result: ERROR
     Running ‘testthat.R’ [33s/34s]
    Running the tests in ‘tests/testthat.R’ failed.
    Complete output:
     > library(testthat)
     > library(faux)
    
     ************
     Welcome to faux. For support and examples visit:
     https://debruine.github.io/faux/
     - Get and set global package options with: faux_options()
     ************
     >
     > expect_equal <- function(...) {
     + testthat::expect_equal(..., check.environment=FALSE)
     + }
     >
     > test_check("faux")
     ══ Skipped tests ═══════════════════════════════════════════════════════════════
     • On CRAN (11)
     • Too variable (1)
    
     ══ Failed tests ════════════════════════════════════════════════════════════════
     ── Failure (test-getcols.R:2:3): error ─────────────────────────────────────────
     `getcols()` did not throw an error.
    
     [ FAIL 1 | WARN 0 | SKIP 12 | PASS 1274 ]
     Error: Test failures
     Execution halted
Flavor: r-devel-linux-x86_64-fedora-gcc

Version: 1.1.0
Check: R code for possible problems
Result: NOTE
    plot_design: no visible global function definition for
     ‘all.equal.function’
    Undefined global functions or variables:
     all.equal.function
Flavors: r-oldrel-macos-x86_64, r-oldrel-windows-ix86+x86_64

Version: 1.1.0
Check: tests
Result: ERROR
     Running ‘testthat.R’ [11s/11s]
    Running the tests in ‘tests/testthat.R’ failed.
    Last 13 lines of output:
     ══ Skipped tests ═══════════════════════════════════════════════════════════════
     • On CRAN (11)
     • Too variable (1)
    
     ══ Failed tests ════════════════════════════════════════════════════════════════
     ── Error (test-plot_design.R:403:3): vardesc ───────────────────────────────────
     Error: could not find function "all.equal.function"
     Backtrace:
     █
     1. └─faux::plot_design(design, labeller = label_value) test-plot_design.R:403:2
     2. └─base::isTRUE(all.equal.function(labeller, label_both))
    
     [ FAIL 1 | WARN 0 | SKIP 12 | PASS 1271 ]
     Error: Test failures
     Execution halted
Flavor: r-oldrel-macos-x86_64

Version: 1.1.0
Check: tests
Result: ERROR
     Running 'testthat.R' [24s]
    Running the tests in 'tests/testthat.R' failed.
    Complete output:
     > library(testthat)
     > library(faux)
    
     ************
     Welcome to faux. For support and examples visit:
     https://debruine.github.io/faux/
     - Get and set global package options with: faux_options()
     ************
     >
     > expect_equal <- function(...) {
     + testthat::expect_equal(..., check.environment=FALSE)
     + }
     >
     > test_check("faux")
     == Skipped tests ===============================================================
     * On CRAN (11)
     * Too variable (1)
    
     == Failed tests ================================================================
     -- Error (test-plot_design.R:403:3): vardesc -----------------------------------
     Error: could not find function "all.equal.function"
     Backtrace:
     x
     1. \-faux::plot_design(design, labeller = label_value) test-plot_design.R:403:2
     2. \-base::isTRUE(all.equal.function(labeller, label_both))
    
     [ FAIL 1 | WARN 0 | SKIP 12 | PASS 1271 ]
     Error: Test failures
     Execution halted
Flavor: r-oldrel-windows-ix86+x86_64