Last updated on 2024-07-18 00:54:53 CEST.
Flavor | Version | Tinstall | Tcheck | Ttotal | Status | Flags |
---|---|---|---|---|---|---|
r-devel-linux-x86_64-debian-clang | 1.2.1 | 14.14 | 318.04 | 332.18 | NOTE | |
r-devel-linux-x86_64-debian-gcc | 1.2.1 | 9.78 | 236.45 | 246.23 | NOTE | |
r-devel-linux-x86_64-fedora-clang | 1.2.1 | 415.79 | NOTE | |||
r-devel-linux-x86_64-fedora-gcc | 1.2.1 | 418.33 | NOTE | |||
r-devel-windows-x86_64 | 1.2.1 | 22.00 | 301.00 | 323.00 | NOTE | |
r-patched-linux-x86_64 | 1.2.1 | 13.18 | 308.72 | 321.90 | NOTE | |
r-release-linux-x86_64 | 1.2.1 | 14.30 | 303.72 | 318.02 | NOTE | |
r-release-macos-arm64 | 1.2.1 | 120.00 | NOTE | |||
r-release-macos-x86_64 | 1.2.1 | 204.00 | NOTE | |||
r-release-windows-x86_64 | 1.2.1 | 22.00 | 307.00 | 329.00 | NOTE | |
r-oldrel-macos-arm64 | 1.2.1 | 116.00 | OK | |||
r-oldrel-macos-x86_64 | 1.2.1 | 258.00 | OK | |||
r-oldrel-windows-x86_64 | 1.2.1 | 28.00 | 358.00 | 386.00 | OK |
Version: 1.2.1
Check: Rd files
Result: NOTE
checkRd: (-1) fh_bounds.Rd:14: Lost braces
14 | \item{params1}{Arguments to pass to the r{dist} function for distribution 1}
| ^
checkRd: (-1) fh_bounds.Rd:16: Lost braces
16 | \item{params2}{Arguments to pass to the r{dist} function for distribution 2}
| ^
Flavors: r-devel-linux-x86_64-debian-clang, r-devel-linux-x86_64-debian-gcc, r-devel-linux-x86_64-fedora-clang, r-devel-linux-x86_64-fedora-gcc, r-devel-windows-x86_64, r-patched-linux-x86_64, r-release-linux-x86_64, r-release-macos-arm64, r-release-macos-x86_64, r-release-windows-x86_64