Last updated on 2023-05-28 22:00:10 CEST.
Flavor | Version | Tinstall | Tcheck | Ttotal | Status | Flags |
---|---|---|---|---|---|---|
r-devel-linux-x86_64-debian-clang | 1.0.2 | 4.06 | 40.56 | 44.62 | OK | |
r-devel-linux-x86_64-debian-gcc | 1.0.2 | 4.32 | 31.52 | 35.84 | OK | |
r-devel-linux-x86_64-fedora-clang | 1.0.2 | 58.27 | NOTE | |||
r-devel-linux-x86_64-fedora-gcc | 1.0.2 | 54.20 | NOTE | |||
r-devel-windows-x86_64 | 1.0.2 | 6.00 | 54.00 | 60.00 | OK | |
r-patched-linux-x86_64 | 1.0.2 | 5.82 | 39.86 | 45.68 | OK | |
r-release-linux-x86_64 | 1.0.2 | 3.96 | 39.06 | 43.02 | OK | |
r-release-macos-arm64 | 1.0.2 | 24.00 | OK | |||
r-release-macos-x86_64 | 1.0.2 | 32.00 | OK | |||
r-release-windows-x86_64 | 1.0.2 | 7.00 | 57.00 | 64.00 | OK | |
r-oldrel-macos-arm64 | 1.0.2 | 24.00 | OK | |||
r-oldrel-macos-x86_64 | 1.0.2 | 29.00 | OK | |||
r-oldrel-windows-x86_64 | 1.0.2 | 7.00 | 56.00 | 63.00 | OK |
Version: 1.0.2
Check: dependencies in R code
Result: NOTE
Namespaces in Imports field not imported from:
‘Rsolnp’ ‘assertthat’ ‘utils’
All declared Imports should be used.
Flavors: r-devel-linux-x86_64-fedora-clang, r-devel-linux-x86_64-fedora-gcc