CRAN Package Check Results for Package fbnet

Last updated on 2023-11-30 16:49:22 CET.

Flavor Version Tinstall Tcheck Ttotal Status Flags
r-devel-linux-x86_64-debian-clang 1.0.3 14.59 91.11 105.70 OK
r-devel-linux-x86_64-debian-gcc 1.0.3 10.65 69.56 80.21 OK
r-devel-linux-x86_64-fedora-clang 1.0.3 133.31 NOTE
r-devel-linux-x86_64-fedora-gcc 1.0.3 127.51 NOTE
r-devel-windows-x86_64 1.0.3 12.00 85.00 97.00 OK
r-patched-linux-x86_64 1.0.3 12.17 89.94 102.11 OK
r-release-linux-x86_64 1.0.3 13.09 92.01 105.10 OK
r-release-macos-arm64 1.0.3 39.00 OK
r-release-macos-x86_64 1.0.3 98.00 OK
r-release-windows-x86_64 1.0.3 17.00 98.00 115.00 OK
r-oldrel-macos-arm64 1.0.3 40.00 OK
r-oldrel-macos-x86_64 1.0.3 59.00 OK
r-oldrel-windows-x86_64 1.0.3 15.00 100.00 115.00 OK

Check Details

Version: 1.0.3
Check: dependencies in R code
Result: NOTE Namespaces in Imports field not imported from: ‘assertthat’ ‘utils’ All declared Imports should be used. Flavors: r-devel-linux-x86_64-fedora-clang, r-devel-linux-x86_64-fedora-gcc