Last updated on 2022-06-25 16:51:48 CEST.
Flavor | Version | Tinstall | Tcheck | Ttotal | Status | Flags |
---|---|---|---|---|---|---|
r-devel-linux-x86_64-debian-clang | 2.0.2 | 39.53 | 256.16 | 295.69 | NOTE | |
r-devel-linux-x86_64-debian-gcc | 2.0.2 | 39.50 | 191.32 | 230.82 | NOTE | |
r-devel-linux-x86_64-fedora-clang | 2.0.2 | 374.61 | NOTE | |||
r-devel-linux-x86_64-fedora-gcc | 2.0.2 | 401.64 | NOTE | |||
r-devel-windows-x86_64 | 2.0.2 | 138.00 | 277.00 | 415.00 | NOTE | |
r-patched-linux-x86_64 | 2.0.2 | 56.89 | 248.20 | 305.09 | OK | |
r-release-linux-x86_64 | 2.0.2 | 37.86 | 248.53 | 286.39 | OK | |
r-release-macos-arm64 | 2.0.2 | 86.00 | NOTE | |||
r-release-macos-x86_64 | 2.0.2 | 144.00 | NOTE | |||
r-release-windows-x86_64 | 2.0.2 | 126.00 | 276.00 | 402.00 | OK | |
r-oldrel-macos-arm64 | 2.0.2 | 104.00 | NOTE | |||
r-oldrel-macos-x86_64 | 2.0.2 | 158.00 | NOTE | |||
r-oldrel-windows-ix86+x86_64 | 2.0.2 | 80.00 | 330.00 | 410.00 | OK |
Version: 2.0.2
Check: Rd files
Result: NOTE
checkRd: (-1) summary.fdata.comp.Rd:44: Escaped LaTeX specials: \&
Flavors: r-devel-linux-x86_64-debian-clang, r-devel-linux-x86_64-debian-gcc, r-devel-linux-x86_64-fedora-clang, r-devel-linux-x86_64-fedora-gcc, r-devel-windows-x86_64
Version: 2.0.2
Check: data for non-ASCII characters
Result: NOTE
Note: found 76 marked UTF-8 strings
Flavors: r-devel-linux-x86_64-fedora-clang, r-devel-linux-x86_64-fedora-gcc, r-release-macos-arm64, r-release-macos-x86_64, r-oldrel-macos-arm64, r-oldrel-macos-x86_64