Last updated on 2023-06-05 09:54:00 CEST.
Flavor | Version | Tinstall | Tcheck | Ttotal | Status | Flags |
---|---|---|---|---|---|---|
r-devel-linux-x86_64-debian-clang | 2.1.0 | 44.07 | 287.19 | 331.26 | OK | |
r-devel-linux-x86_64-debian-gcc | 2.1.0 | 38.63 | 217.71 | 256.34 | OK | |
r-devel-linux-x86_64-fedora-clang | 2.1.0 | 422.64 | NOTE | |||
r-devel-linux-x86_64-fedora-gcc | 2.1.0 | 400.78 | NOTE | |||
r-devel-windows-x86_64 | 2.1.0 | 40.00 | 225.00 | 265.00 | OK | |
r-patched-linux-x86_64 | 2.1.0 | 55.22 | 277.40 | 332.62 | OK | |
r-release-linux-x86_64 | 2.1.0 | 32.77 | 274.40 | 307.17 | OK | |
r-release-macos-arm64 | 2.1.0 | 100.00 | OK | |||
r-release-macos-x86_64 | 2.1.0 | 178.00 | OK | |||
r-release-windows-x86_64 | 2.1.0 | 57.00 | 293.00 | 350.00 | OK | |
r-oldrel-macos-arm64 | 2.1.0 | 98.00 | NOTE | |||
r-oldrel-macos-x86_64 | 2.1.0 | 118.00 | NOTE | |||
r-oldrel-windows-x86_64 | 2.1.0 | 54.00 | 248.00 | 302.00 | OK |
Version: 2.1.0
Check: data for non-ASCII characters
Result: NOTE
Note: found 76 marked UTF-8 strings
Flavors: r-devel-linux-x86_64-fedora-clang, r-devel-linux-x86_64-fedora-gcc, r-oldrel-macos-arm64, r-oldrel-macos-x86_64