Last updated on 2024-03-28 23:55:06 CET.
Flavor | Version | Tinstall | Tcheck | Ttotal | Status | Flags |
---|---|---|---|---|---|---|
r-devel-linux-x86_64-debian-clang | 1.1-17 | 1454.78 | 218.32 | 1673.10 | NOTE | |
r-devel-linux-x86_64-debian-gcc | 1.1-17 | 1380.22 | 224.88 | 1605.10 | NOTE | |
r-devel-linux-x86_64-fedora-clang | 1.1-17 | 2063.13 | NOTE | |||
r-devel-linux-x86_64-fedora-gcc | 1.1-17 | 2890.07 | NOTE | |||
r-devel-windows-x86_64 | 1.1-17 | 1030.00 | 272.00 | 1302.00 | NOTE | |
r-patched-linux-x86_64 | 1.1-17 | 1653.19 | 295.26 | 1948.45 | NOTE | |
r-release-linux-x86_64 | 1.1-17 | 0.02 | 2.96 | 2.98 | ERROR | |
r-release-macos-arm64 | 1.1-17 | 617.00 | NOTE | |||
r-release-macos-x86_64 | 1.1-17 | 647.00 | NOTE | |||
r-release-windows-x86_64 | 1.1-17 | 1457.00 | 348.00 | 1805.00 | NOTE | |
r-oldrel-macos-arm64 | 1.1-17 | 611.00 | NOTE | |||
r-oldrel-windows-x86_64 | 1.1-17 | 1446.00 | 300.00 | 1746.00 | NOTE |
Version: 1.1-17
Check: for GNU extensions in Makefiles
Result: NOTE
GNU make is a SystemRequirements.
Flavors: r-devel-linux-x86_64-debian-clang, r-devel-linux-x86_64-debian-gcc, r-devel-linux-x86_64-fedora-clang, r-devel-linux-x86_64-fedora-gcc, r-devel-windows-x86_64, r-patched-linux-x86_64, r-release-macos-arm64, r-release-macos-x86_64, r-release-windows-x86_64, r-oldrel-macos-arm64, r-oldrel-windows-x86_64
Version: 1.1-17
Check: installed package size
Result: NOTE
installed size is 14.5Mb
sub-directories of 1Mb or more:
libs 13.3Mb
Flavors: r-devel-linux-x86_64-fedora-clang, r-devel-windows-x86_64, r-release-macos-arm64, r-release-macos-x86_64, r-release-windows-x86_64, r-oldrel-macos-arm64, r-oldrel-windows-x86_64
Version: 1.1-17
Check: whether package can be installed
Result: ERROR
Installation failed.
Flavor: r-release-linux-x86_64