CRAN Package Check Results for Package fdaPOIFD

Last updated on 2021-10-26 20:50:53 CEST.

Flavor Version Tinstall Tcheck Ttotal Status Flags
r-devel-linux-x86_64-debian-clang 1.0.2 5.64 67.63 73.27 OK
r-devel-linux-x86_64-debian-gcc 1.0.2 5.03 50.32 55.35 OK
r-devel-linux-x86_64-fedora-clang 1.0.2 94.69 NOTE
r-devel-linux-x86_64-fedora-gcc 1.0.2 84.71 NOTE
r-devel-windows-x86_64 1.0.2 10.00 94.00 104.00 OK
r-devel-windows-x86_64-gcc10-UCRT 1.0.2 NOTE
r-patched-linux-x86_64 1.0.2 5.37 62.42 67.79 OK
r-patched-solaris-x86 1.0.2 124.50 NOTE
r-release-linux-x86_64 1.0.2 5.76 64.89 70.65 OK
r-release-macos-arm64 1.0.2 NOTE
r-release-macos-x86_64 1.0.2 NOTE
r-release-windows-ix86+x86_64 1.0.2 11.00 88.00 99.00 OK
r-oldrel-macos-x86_64 1.0.2 NOTE
r-oldrel-windows-ix86+x86_64 1.0.2 16.00 84.00 100.00 OK

Check Details

Version: 1.0.2
Check: dependencies in R code
Result: NOTE
    Namespaces in Imports field not imported from:
     ‘FastGP’ ‘MASS’ ‘fdapace’
     All declared Imports should be used.
Flavors: r-devel-linux-x86_64-fedora-clang, r-devel-linux-x86_64-fedora-gcc, r-devel-windows-x86_64-gcc10-UCRT, r-patched-solaris-x86, r-release-macos-arm64, r-release-macos-x86_64, r-oldrel-macos-x86_64