Last updated on 2024-03-28 23:55:06 CET.
Flavor | Version | Tinstall | Tcheck | Ttotal | Status | Flags |
---|---|---|---|---|---|---|
r-devel-linux-x86_64-debian-clang | 0.5-2 | 38.98 | 112.17 | 151.15 | NOTE | |
r-devel-linux-x86_64-debian-gcc | 0.5-2 | 29.25 | 85.94 | 115.19 | NOTE | |
r-devel-linux-x86_64-fedora-clang | 0.5-2 | 198.80 | NOTE | |||
r-devel-linux-x86_64-fedora-gcc | 0.5-2 | 205.84 | NOTE | |||
r-devel-windows-x86_64 | 0.5-2 | 29.00 | 131.00 | 160.00 | NOTE | |
r-patched-linux-x86_64 | 0.5-2 | 38.18 | 106.84 | 145.02 | NOTE | |
r-release-linux-x86_64 | 0.5-2 | 37.30 | 104.92 | 142.22 | NOTE | |
r-release-macos-arm64 | 0.5-2 | 65.00 | NOTE | |||
r-release-macos-x86_64 | 0.5-2 | 108.00 | NOTE | |||
r-release-windows-x86_64 | 0.5-2 | 28.00 | 159.00 | 187.00 | NOTE | |
r-oldrel-macos-arm64 | 0.5-2 | 52.00 | OK | |||
r-oldrel-windows-x86_64 | 0.5-2 | 41.00 | 157.00 | 198.00 | OK |
Version: 0.5-2
Check: C++ specification
Result: NOTE
Specified C++11: please drop specification unless essential
Flavors: r-devel-linux-x86_64-debian-clang, r-devel-linux-x86_64-debian-gcc, r-devel-linux-x86_64-fedora-clang, r-devel-linux-x86_64-fedora-gcc, r-devel-windows-x86_64, r-patched-linux-x86_64, r-release-linux-x86_64, r-release-macos-arm64, r-release-macos-x86_64, r-release-windows-x86_64