CRAN Package Check Results for Package fdrDiscreteNull

Last updated on 2023-09-26 17:09:17 CEST.

Flavor Version Tinstall Tcheck Ttotal Status Flags
r-devel-linux-x86_64-debian-clang 1.4 12.41 112.97 125.38 OK
r-devel-linux-x86_64-debian-gcc 1.4 10.39 84.15 94.54 OK
r-devel-linux-x86_64-fedora-clang 1.4 154.33 OK
r-devel-linux-x86_64-fedora-gcc 1.4 150.92 OK
r-devel-windows-x86_64 1.4 13.00 91.00 104.00 OK
r-patched-linux-x86_64 1.4 8.48 108.12 116.60 OK
r-release-linux-x86_64 1.4 10.54 108.73 119.27 OK
r-release-macos-arm64 1.4 46.00 OK
r-release-macos-x86_64 1.4 78.00 OK
r-release-windows-x86_64 1.4 17.00 112.00 129.00 OK
r-oldrel-macos-arm64 1.4 45.00 OK
r-oldrel-macos-x86_64 1.4 65.00 OK
r-oldrel-windows-x86_64 1.4 5.00 9.00 14.00 ERROR

Check Details

Version: 1.4
Check: whether package can be installed
Result: ERROR
    Installation failed.
Flavor: r-oldrel-windows-x86_64