Last updated on 2024-03-28 23:55:06 CET.
Flavor | Version | Tinstall | Tcheck | Ttotal | Status | Flags |
---|---|---|---|---|---|---|
r-devel-linux-x86_64-debian-clang | 0.3.5 | 51.09 | 45.19 | 96.28 | NOTE | |
r-devel-linux-x86_64-debian-gcc | 0.3.5 | 43.89 | 34.55 | 78.44 | NOTE | |
r-devel-linux-x86_64-fedora-clang | 0.3.5 | 149.71 | NOTE | |||
r-devel-linux-x86_64-fedora-gcc | 0.3.5 | 138.64 | NOTE | |||
r-devel-windows-x86_64 | 0.3.5 | 48.00 | 74.00 | 122.00 | NOTE | |
r-patched-linux-x86_64 | 0.3.5 | 58.61 | 44.77 | 103.38 | NOTE | |
r-release-linux-x86_64 | 0.3.5 | 54.49 | 42.49 | 96.98 | NOTE | |
r-release-macos-arm64 | 0.3.5 | 43.00 | NOTE | |||
r-release-macos-x86_64 | 0.3.5 | 65.00 | NOTE | |||
r-release-windows-x86_64 | 0.3.5 | 57.00 | 86.00 | 143.00 | NOTE | |
r-oldrel-macos-arm64 | 0.3.5 | 38.00 | NOTE | |||
r-oldrel-windows-x86_64 | 0.3.5 | 54.00 | 79.00 | 133.00 | NOTE |
Version: 0.3.5
Check: C++ specification
Result: NOTE
Specified C++11: please drop specification unless essential
Flavors: r-devel-linux-x86_64-debian-clang, r-devel-linux-x86_64-debian-gcc, r-devel-linux-x86_64-fedora-clang, r-devel-linux-x86_64-fedora-gcc, r-devel-windows-x86_64, r-patched-linux-x86_64, r-release-linux-x86_64, r-release-macos-arm64, r-release-macos-x86_64, r-release-windows-x86_64
Version: 0.3.5
Check: LazyData
Result: NOTE
'LazyData' is specified without a 'data' directory
Flavors: r-devel-linux-x86_64-debian-clang, r-devel-linux-x86_64-debian-gcc, r-devel-linux-x86_64-fedora-clang, r-devel-linux-x86_64-fedora-gcc, r-devel-windows-x86_64, r-patched-linux-x86_64, r-release-linux-x86_64, r-release-macos-arm64, r-release-macos-x86_64, r-release-windows-x86_64, r-oldrel-macos-arm64, r-oldrel-windows-x86_64