CRAN Package Check Results for Package fec16

Last updated on 2021-10-23 07:50:17 CEST.

Flavor Version Tinstall Tcheck Ttotal Status Flags
r-devel-linux-x86_64-debian-clang 0.1.3 5.81 55.55 61.36 OK
r-devel-linux-x86_64-debian-gcc 0.1.3 5.36 42.66 48.02 OK
r-devel-linux-x86_64-fedora-clang 0.1.3 87.32 NOTE
r-devel-linux-x86_64-fedora-gcc 0.1.3 73.68 NOTE
r-devel-windows-x86_64 0.1.3 12.00 77.00 89.00 OK
r-devel-windows-x86_64-gcc10-UCRT 0.1.3 NOTE
r-patched-linux-x86_64 0.1.3 7.21 51.90 59.11 OK
r-patched-solaris-x86 0.1.3 99.90 NOTE
r-release-linux-x86_64 0.1.3 4.82 51.83 56.65 OK
r-release-macos-arm64 0.1.3 NOTE
r-release-macos-x86_64 0.1.3 NOTE
r-release-windows-ix86+x86_64 0.1.3 12.00 68.00 80.00 OK
r-oldrel-macos-x86_64 0.1.3 NOTE
r-oldrel-windows-ix86+x86_64 0.1.3 16.00 78.00 94.00 OK

Check Details

Version: 0.1.3
Check: data for non-ASCII characters
Result: NOTE
     Note: found 20 marked UTF-8 strings
Flavors: r-devel-linux-x86_64-fedora-clang, r-devel-linux-x86_64-fedora-gcc, r-devel-windows-x86_64-gcc10-UCRT, r-patched-solaris-x86, r-release-macos-arm64, r-release-macos-x86_64, r-oldrel-macos-x86_64