Last updated on 2024-03-28 23:55:06 CET.
Flavor | Version | Tinstall | Tcheck | Ttotal | Status | Flags |
---|---|---|---|---|---|---|
r-devel-linux-x86_64-debian-clang | 1.0.3 | 3.04 | 32.23 | 35.27 | OK | |
r-devel-linux-x86_64-debian-gcc | 1.0.3 | 3.22 | 24.79 | 28.01 | OK | |
r-devel-linux-x86_64-fedora-clang | 1.0.3 | 45.04 | NOTE | |||
r-devel-linux-x86_64-fedora-gcc | 1.0.3 | 43.94 | NOTE | |||
r-devel-windows-x86_64 | 1.0.3 | 5.00 | 46.00 | 51.00 | OK | |
r-patched-linux-x86_64 | 1.0.3 | 3.02 | 31.34 | 34.36 | OK | |
r-release-linux-x86_64 | 1.0.3 | 3.80 | 30.17 | 33.97 | OK | |
r-release-macos-arm64 | 1.0.3 | 20.00 | OK | |||
r-release-macos-x86_64 | 1.0.3 | 25.00 | OK | |||
r-release-windows-x86_64 | 1.0.3 | 6.00 | 49.00 | 55.00 | OK | |
r-oldrel-macos-arm64 | 1.0.3 | 23.00 | OK | |||
r-oldrel-windows-x86_64 | 1.0.3 | 6.00 | 50.00 | 56.00 | OK |
Version: 1.0.3
Check: data for non-ASCII characters
Result: NOTE
Note: found 43825 marked UTF-8 strings
Flavors: r-devel-linux-x86_64-fedora-clang, r-devel-linux-x86_64-fedora-gcc