CRAN Package Check Results for Package filearray

Last updated on 2023-06-08 08:55:21 CEST.

Flavor Version Tinstall Tcheck Ttotal Status Flags
r-devel-linux-x86_64-debian-clang 0.1.5 111.56 69.74 181.30 NOTE
r-devel-linux-x86_64-debian-gcc 0.1.5 85.49 48.27 133.76 NOTE
r-devel-linux-x86_64-fedora-clang 0.1.5 264.62 NOTE
r-devel-linux-x86_64-fedora-gcc 0.1.5 261.99 NOTE
r-devel-windows-x86_64 0.1.5 83.00 92.00 175.00 NOTE
r-patched-linux-x86_64 0.1.5 86.44 64.32 150.76 NOTE
r-release-linux-x86_64 0.1.5 92.87 64.31 157.18 NOTE
r-release-macos-arm64 0.1.5 60.00 NOTE
r-release-macos-x86_64 0.1.5 107.00 NOTE
r-release-windows-x86_64 0.1.5 90.00 104.00 194.00 NOTE
r-oldrel-macos-arm64 0.1.5 52.00 OK
r-oldrel-macos-x86_64 0.1.5 75.00 OK
r-oldrel-windows-x86_64 0.1.5 118.00 98.00 216.00 OK

Check Details

Version: 0.1.5
Check: C++ specification
Result: NOTE
     Specified C++11: please drop specification unless essential
Flavors: r-devel-linux-x86_64-debian-clang, r-devel-linux-x86_64-debian-gcc, r-devel-linux-x86_64-fedora-clang, r-devel-linux-x86_64-fedora-gcc, r-devel-windows-x86_64, r-patched-linux-x86_64, r-release-linux-x86_64, r-release-macos-arm64, r-release-macos-x86_64, r-release-windows-x86_64