Last updated on 2023-06-05 16:54:54 CEST.
Flavor | Version | Tinstall | Tcheck | Ttotal | Status | Flags |
---|---|---|---|---|---|---|
r-devel-linux-x86_64-debian-clang | 0.2.0 | 36.51 | 84.92 | 121.43 | OK | |
r-devel-linux-x86_64-debian-gcc | 0.2.0 | 28.81 | 66.16 | 94.97 | OK | |
r-devel-linux-x86_64-fedora-clang | 0.2.0 | 163.32 | OK | |||
r-devel-linux-x86_64-fedora-gcc | 0.2.0 | 163.67 | OK | |||
r-devel-windows-x86_64 | 0.2.0 | 29.00 | 119.00 | 148.00 | OK | |
r-patched-linux-x86_64 | 0.2.0 | 32.31 | 80.12 | 112.43 | OK | |
r-release-linux-x86_64 | 0.2.0 | 29.75 | 80.99 | 110.74 | OK | |
r-release-macos-arm64 | 0.2.0 | 58.00 | NOTE | |||
r-release-macos-x86_64 | 0.1 | 89.00 | NOTE | |||
r-release-windows-x86_64 | 0.2.0 | 37.00 | 139.00 | 176.00 | OK | |
r-oldrel-macos-arm64 | 0.2.0 | 56.00 | NOTE | |||
r-oldrel-macos-x86_64 | 0.2.0 | 60.00 | NOTE | |||
r-oldrel-windows-x86_64 | 0.2.0 | 37.00 | 138.00 | 175.00 | OK |
Version: 0.2.0
Check: installed package size
Result: NOTE
installed size is 8.2Mb
sub-directories of 1Mb or more:
libs 6.8Mb
Flavors: r-release-macos-arm64, r-oldrel-macos-arm64, r-oldrel-macos-x86_64
Version: 0.1
Check: C++ specification
Result: NOTE
Specified C++14: please drop specification unless essential
Flavor: r-release-macos-x86_64
Version: 0.1
Check: installed package size
Result: NOTE
installed size is 7.3Mb
sub-directories of 1Mb or more:
libs 6.1Mb
Flavor: r-release-macos-x86_64