CRAN Package Check Results for Package fingerPro

Last updated on 2021-10-23 00:48:53 CEST.

Flavor Version Tinstall Tcheck Ttotal Status Flags
r-devel-linux-x86_64-debian-clang 1.1 38.05 142.79 180.84 OK
r-devel-linux-x86_64-debian-gcc 1.1 28.45 111.02 139.47 OK
r-devel-linux-x86_64-fedora-clang 1.1 240.74 NOTE
r-devel-linux-x86_64-fedora-gcc 1.1 219.28 NOTE
r-devel-windows-x86_64 1.1 57.00 168.00 225.00 OK
r-devel-windows-x86_64-gcc10-UCRT 1.1 NOTE
r-patched-linux-x86_64 1.1 35.48 137.06 172.54 OK
r-patched-solaris-x86 1.1 304.70 NOTE
r-release-linux-x86_64 1.1 34.01 136.58 170.59 OK
r-release-macos-arm64 1.1 NOTE
r-release-macos-x86_64 1.1 NOTE
r-release-windows-ix86+x86_64 1.1 71.00 227.00 298.00 OK
r-oldrel-macos-x86_64 1.1 NOTE
r-oldrel-windows-ix86+x86_64 1.1 103.00 223.00 326.00 OK

Check Details

Version: 1.1
Check: dependencies in R code
Result: NOTE
    Namespace in Imports field not imported from: ‘RcppProgress’
     All declared Imports should be used.
Flavors: r-devel-linux-x86_64-fedora-clang, r-devel-linux-x86_64-fedora-gcc, r-devel-windows-x86_64-gcc10-UCRT, r-patched-solaris-x86, r-release-macos-arm64, r-release-macos-x86_64, r-oldrel-macos-x86_64