Last updated on 2024-03-27 23:59:43 CET.
Flavor | Version | Tinstall | Tcheck | Ttotal | Status | Flags |
---|---|---|---|---|---|---|
r-devel-linux-x86_64-debian-clang | 1.1 | 42.56 | 180.11 | 222.67 | OK | |
r-devel-linux-x86_64-debian-gcc | 1.1 | 36.44 | 137.48 | 173.92 | OK | |
r-devel-linux-x86_64-fedora-clang | 1.1 | 293.13 | NOTE | |||
r-devel-linux-x86_64-fedora-gcc | 1.1 | 301.33 | NOTE | |||
r-devel-windows-x86_64 | 1.1 | 37.00 | 144.00 | 181.00 | OK | |
r-patched-linux-x86_64 | 1.1 | 38.20 | 156.98 | 195.18 | OK | |
r-release-linux-x86_64 | 1.1 | 39.27 | 160.67 | 199.94 | OK | |
r-release-macos-arm64 | 1.1 | 84.00 | OK | |||
r-release-macos-x86_64 | 1.1 | 129.00 | OK | |||
r-release-windows-x86_64 | 1.1 | 46.00 | 172.00 | 218.00 | OK | |
r-oldrel-macos-arm64 | 1.1 | 110.00 | NOTE | |||
r-oldrel-windows-x86_64 | 1.1 | 46.00 | 171.00 | 217.00 | OK |
Version: 1.1
Check: dependencies in R code
Result: NOTE
Namespace in Imports field not imported from: ‘RcppProgress’
All declared Imports should be used.
Flavors: r-devel-linux-x86_64-fedora-clang, r-devel-linux-x86_64-fedora-gcc, r-oldrel-macos-arm64