Last updated on 2024-04-19 16:58:41 CEST.
Flavor | Version | Tinstall | Tcheck | Ttotal | Status | Flags |
---|---|---|---|---|---|---|
r-devel-linux-x86_64-debian-clang | 3.5.7 | 5.10 | 34.60 | 39.70 | NOTE | |
r-devel-linux-x86_64-debian-gcc | 3.5.7 | NOTE | ||||
r-devel-linux-x86_64-fedora-clang | 3.5.7 | 50.61 | NOTE | |||
r-devel-linux-x86_64-fedora-gcc | 3.5.7 | 48.53 | NOTE | |||
r-prerel-macos-arm64 | 3.5.7 | 20.00 | NOTE | |||
r-prerel-windows-x86_64 | 3.5.7 | 8.00 | 53.00 | 61.00 | NOTE | |
r-patched-linux-x86_64 | 3.5.7 | 6.14 | 33.33 | 39.47 | NOTE | |
r-release-linux-x86_64 | 3.5.7 | 4.37 | 33.26 | 37.63 | NOTE | |
r-release-macos-arm64 | 3.5.7 | 21.00 | NOTE | |||
r-release-macos-x86_64 | 3.5.7 | 28.00 | NOTE | |||
r-release-windows-x86_64 | 3.5.7 | 7.00 | 56.00 | 63.00 | NOTE | |
r-oldrel-macos-arm64 | 3.5.7 | 19.00 | OK | |||
r-oldrel-windows-x86_64 | 3.5.7 | 13.00 | 67.00 | 80.00 | OK |
Version: 3.5.7
Check: Rd files
Result: NOTE
checkRd: (-1) bitspec.Rd:8: Escaped LaTeX specials: \&
Flavors: r-devel-linux-x86_64-debian-clang, r-devel-linux-x86_64-debian-gcc, r-devel-linux-x86_64-fedora-clang, r-devel-linux-x86_64-fedora-gcc, r-prerel-macos-arm64, r-prerel-windows-x86_64, r-patched-linux-x86_64, r-release-linux-x86_64, r-release-macos-arm64, r-release-macos-x86_64, r-release-windows-x86_64