Last updated on 2024-07-18 00:54:53 CEST.
Flavor | Version | Tinstall | Tcheck | Ttotal | Status | Flags |
---|---|---|---|---|---|---|
r-devel-linux-x86_64-debian-clang | 0.4.0 | 28.13 | 591.87 | 620.00 | OK | |
r-devel-linux-x86_64-debian-gcc | 0.4.0 | 20.09 | 430.23 | 450.32 | OK | |
r-devel-linux-x86_64-fedora-clang | 0.4.0 | 734.46 | NOTE | |||
r-devel-linux-x86_64-fedora-gcc | 0.4.0 | 731.83 | OK | |||
r-devel-windows-x86_64 | 0.4.0 | 23.00 | 499.00 | 522.00 | OK | |
r-patched-linux-x86_64 | 0.4.0 | 0.44 | 2.29 | 2.73 | ERROR | |
r-release-linux-x86_64 | 0.4.0 | 27.08 | 575.46 | 602.54 | OK | |
r-release-macos-arm64 | 0.4.0 | 194.00 | OK | |||
r-release-macos-x86_64 | 0.4.0 | 299.00 | OK | |||
r-release-windows-x86_64 | 0.4.0 | 24.00 | 500.00 | 524.00 | OK | |
r-oldrel-macos-arm64 | 0.4.0 | 161.00 | OK | |||
r-oldrel-macos-x86_64 | 0.4.0 | 276.00 | OK | |||
r-oldrel-windows-x86_64 | 0.4.0 | 32.00 | 557.00 | 589.00 | OK |
Version: 0.4.0
Check: package dependencies
Result: NOTE
Imports includes 33 non-default packages.
Importing from so many packages makes the package vulnerable to any of
them becoming unavailable. Move as many as possible to Suggests and
use conditionally.
Flavor: r-devel-linux-x86_64-fedora-clang
Version: 0.4.0
Check: package dependencies
Result: ERROR
Package required but not available: ‘modeltime’
See section ‘The DESCRIPTION file’ in the ‘Writing R Extensions’
manual.
Flavor: r-patched-linux-x86_64