CRAN Package Check Results for Package firebase

Last updated on 2021-09-28 01:49:23 CEST.

Flavor Version Tinstall Tcheck Ttotal Status Flags
r-devel-linux-x86_64-debian-clang 0.2.0 7.46 35.11 42.57 OK
r-devel-linux-x86_64-debian-gcc 0.2.0 6.11 28.12 34.23 OK
r-devel-linux-x86_64-fedora-clang 0.2.0 61.27 NOTE
r-devel-linux-x86_64-fedora-gcc 0.2.0 51.28 NOTE
r-devel-windows-x86_64 0.2.0 10.00 43.00 53.00 OK
r-devel-windows-x86_64-gcc10-UCRT 0.2.0 NOTE
r-patched-linux-x86_64 0.2.0 8.88 34.65 43.53 OK
r-patched-solaris-x86 0.2.0 75.50 NOTE
r-release-linux-x86_64 0.2.0 6.76 34.61 41.37 OK
r-release-macos-arm64 0.2.0 NOTE
r-release-macos-x86_64 0.2.0 NOTE
r-release-windows-ix86+x86_64 0.2.0 16.00 45.00 61.00 OK
r-oldrel-macos-x86_64 0.2.0 NOTE
r-oldrel-windows-ix86+x86_64 0.2.0 14.00 47.00 61.00 OK

Check Details

Version: 0.2.0
Check: dependencies in R code
Result: NOTE
    Namespaces in Imports field not imported from:
     ‘R6’ ‘jose’ ‘openssl’
     All declared Imports should be used.
Flavors: r-devel-linux-x86_64-fedora-clang, r-devel-linux-x86_64-fedora-gcc, r-devel-windows-x86_64-gcc10-UCRT, r-patched-solaris-x86, r-release-macos-arm64, r-release-macos-x86_64, r-oldrel-macos-x86_64