CRAN Package Check Results for Package fishdata

Last updated on 2021-10-27 16:49:03 CEST.

Flavor Version Tinstall Tcheck Ttotal Status Flags
r-devel-linux-x86_64-debian-clang 1.0.1 2.48 29.97 32.45 OK
r-devel-linux-x86_64-debian-gcc 1.0.1 2.34 23.55 25.89 OK
r-devel-linux-x86_64-fedora-clang 1.0.1 50.31 OK
r-devel-linux-x86_64-fedora-gcc 1.0.1 39.62 OK
r-devel-windows-x86_64 1.0.1 5.00 54.00 59.00 OK
r-devel-windows-x86_64-gcc10-UCRT 1.0.1 OK
r-patched-linux-x86_64 1.0.1 2.43 30.66 33.09 OK
r-patched-solaris-x86 1.0.1 52.70 OK
r-release-linux-x86_64 1.0.1 2.73 30.44 33.17 OK
r-release-macos-arm64 1.0.1 OK
r-release-macos-x86_64 1.0.1 WARN
r-release-windows-ix86+x86_64 1.0.1 5.00 45.00 50.00 OK
r-oldrel-macos-x86_64 1.0.1 WARN
r-oldrel-windows-ix86+x86_64 1.0.1 7.00 51.00 58.00 OK

Check Details

Version: 1.0.1
Check: re-building of vignette outputs
Result: WARN
    Error(s) in re-building vignettes:
    --- re-building ‘Data-Model.Rmd’ using rmarkdown
    Warning in engine$weave(file, quiet = quiet, encoding = enc) :
     Pandoc (>= 1.12.3) not available. Falling back to R Markdown v1.
    
    Attaching package: 'dm'
    
    The following object is masked from 'package:stats':
    
     filter
    
    PhantomJS not found. You can install it with webshot::install_phantomjs(). If it is installed, please make sure the phantomjs executable can be found via the PATH variable.
    PhantomJS not found. You can install it with webshot::install_phantomjs(). If it is installed, please make sure the phantomjs executable can be found via the PATH variable.
    Quitting from lines 36-39 (Data-Model.Rmd)
    Error: processing vignette 'Data-Model.Rmd' failed with diagnostics:
    invalid 'path' argument
    --- failed re-building ‘Data-Model.Rmd’
    
    --- re-building ‘fishdata-examples.Rmd’ using rmarkdown
    Warning in engine$weave(file, quiet = quiet, encoding = enc) :
     Pandoc (>= 1.12.3) not available. Falling back to R Markdown v1.
    
    Attaching package: 'dplyr'
    
    The following objects are masked from 'package:stats':
    
     filter, lag
    
    The following objects are masked from 'package:base':
    
     intersect, setdiff, setequal, union
    
    `summarise()` has grouped output by 'site'. You can override using the `.groups` argument.
    --- finished re-building ‘fishdata-examples.Rmd’
    
    SUMMARY: processing the following file failed:
     ‘Data-Model.Rmd’
    
    Error: Vignette re-building failed.
    Execution halted
Flavors: r-release-macos-x86_64, r-oldrel-macos-x86_64