CRAN Package Check Results for Package fishtree

Last updated on 2023-06-02 18:52:44 CEST.

Flavor Version Tinstall Tcheck Ttotal Status Flags
r-devel-linux-x86_64-debian-clang 0.3.4 2.99 39.15 42.14 NOTE
r-devel-linux-x86_64-debian-gcc 0.3.4 1.96 30.45 32.41 NOTE
r-devel-linux-x86_64-fedora-clang 0.3.4 53.03 NOTE
r-devel-linux-x86_64-fedora-gcc 0.3.4 60.45 NOTE
r-devel-windows-x86_64 0.3.4 4.00 54.00 58.00 NOTE
r-patched-linux-x86_64 0.3.4 NOTE
r-release-linux-x86_64 0.3.4 1.71 37.24 38.95 NOTE
r-release-macos-arm64 0.3.4 29.00 NOTE
r-release-macos-x86_64 0.3.4 47.00 NOTE
r-release-windows-x86_64 0.3.4 5.00 57.00 62.00 NOTE
r-oldrel-macos-arm64 0.3.4 22.00 NOTE
r-oldrel-macos-x86_64 0.3.4 35.00 NOTE
r-oldrel-windows-x86_64 0.3.4 4.00 58.00 62.00 NOTE

Check Details

Version: 0.3.4
Check: LazyData
Result: NOTE
     'LazyData' is specified without a 'data' directory
Flavors: r-devel-linux-x86_64-debian-clang, r-devel-linux-x86_64-debian-gcc, r-devel-linux-x86_64-fedora-clang, r-devel-linux-x86_64-fedora-gcc, r-devel-windows-x86_64, r-patched-linux-x86_64, r-release-linux-x86_64, r-release-macos-arm64, r-release-macos-x86_64, r-release-windows-x86_64, r-oldrel-macos-arm64, r-oldrel-macos-x86_64, r-oldrel-windows-x86_64