CRAN Package Check Results for Package fitteR

Last updated on 2021-09-17 16:50:10 CEST.

Flavor Version Tinstall Tcheck Ttotal Status Flags
r-devel-linux-x86_64-debian-clang 0.1.0 7.65 67.97 75.62 NOTE
r-devel-linux-x86_64-debian-gcc 0.1.0 5.42 50.37 55.79 NOTE
r-devel-linux-x86_64-fedora-clang 0.1.0 98.45 NOTE
r-devel-linux-x86_64-fedora-gcc 0.1.0 85.36 NOTE
r-devel-windows-x86_64 0.1.0 9.00 89.00 98.00 OK
r-devel-windows-x86_64-gcc10-UCRT 0.1.0 NOTE
r-patched-linux-x86_64 0.1.0 6.65 62.72 69.37 NOTE
r-patched-solaris-x86 0.1.0 122.40 NOTE
r-release-linux-x86_64 0.1.0 7.33 63.04 70.37 NOTE
r-release-macos-arm64 0.1.0 NOTE
r-release-macos-x86_64 0.1.0 NOTE
r-release-windows-ix86+x86_64 0.1.0 16.00 62.00 78.00 OK
r-oldrel-macos-x86_64 0.1.0 NOTE
r-oldrel-windows-ix86+x86_64 0.1.0 17.00 89.00 106.00 OK

Check Details

Version: 0.1.0
Check: package dependencies
Result: NOTE
    Package suggested but not available for checking: 'ihs'
Flavors: r-devel-linux-x86_64-debian-clang, r-devel-linux-x86_64-debian-gcc, r-devel-linux-x86_64-fedora-clang, r-devel-linux-x86_64-fedora-gcc, r-devel-windows-x86_64-gcc10-UCRT, r-patched-linux-x86_64, r-patched-solaris-x86, r-release-linux-x86_64, r-release-macos-arm64, r-release-macos-x86_64

Version: 0.1.0
Check: package dependencies
Result: NOTE
    Package suggested but not available for checking: ‘ExtDist’
Flavor: r-oldrel-macos-x86_64