CRAN Package Check Results for Package fivethirtyeight

Last updated on 2023-05-28 22:00:10 CEST.

Flavor Version Tinstall Tcheck Ttotal Status Flags
r-devel-linux-x86_64-debian-clang 0.6.2 7.44 69.95 77.39 NOTE
r-devel-linux-x86_64-debian-gcc 0.6.2 7.28 54.41 61.69 NOTE
r-devel-linux-x86_64-fedora-clang 0.6.2 99.65 NOTE
r-devel-linux-x86_64-fedora-gcc 0.6.2 105.81 NOTE
r-devel-windows-x86_64 0.6.2 10.00 102.00 112.00 NOTE
r-patched-linux-x86_64 0.6.2 11.36 67.42 78.78 NOTE
r-release-linux-x86_64 0.6.2 7.89 66.71 74.60 NOTE
r-release-macos-arm64 0.6.2 51.00 NOTE
r-release-macos-x86_64 0.6.2 71.00 NOTE
r-release-windows-x86_64 0.6.2 11.00 114.00 125.00 NOTE
r-oldrel-macos-arm64 0.6.2 41.00 NOTE
r-oldrel-macos-x86_64 0.6.2 51.00 NOTE
r-oldrel-windows-x86_64 0.6.2 16.00 98.00 114.00 NOTE

Check Details

Version: 0.6.2
Check: package dependencies
Result: NOTE
    Package suggested but not available for checking: ‘fivethirtyeightdata’
Flavors: r-devel-linux-x86_64-debian-clang, r-devel-linux-x86_64-debian-gcc, r-devel-linux-x86_64-fedora-clang, r-devel-linux-x86_64-fedora-gcc, r-devel-windows-x86_64, r-patched-linux-x86_64, r-release-linux-x86_64, r-release-macos-arm64, r-release-macos-x86_64, r-release-windows-x86_64, r-oldrel-macos-arm64, r-oldrel-macos-x86_64, r-oldrel-windows-x86_64

Version: 0.6.2
Check: Rd cross-references
Result: NOTE
    Package unavailable to check Rd xrefs: ‘fivethirtyeightdata’
Flavors: r-devel-linux-x86_64-debian-clang, r-devel-linux-x86_64-debian-gcc, r-devel-linux-x86_64-fedora-clang, r-devel-linux-x86_64-fedora-gcc, r-devel-windows-x86_64, r-patched-linux-x86_64, r-release-linux-x86_64, r-release-macos-arm64, r-release-macos-x86_64, r-release-windows-x86_64, r-oldrel-macos-arm64, r-oldrel-macos-x86_64, r-oldrel-windows-x86_64

Version: 0.6.2
Check: installed package size
Result: NOTE
     installed size is 5.0Mb
     sub-directories of 1Mb or more:
     data 3.8Mb
Flavors: r-devel-linux-x86_64-fedora-clang, r-devel-windows-x86_64, r-release-windows-x86_64, r-oldrel-windows-x86_64

Version: 0.6.2
Check: data for non-ASCII characters
Result: NOTE
     Note: found 584 marked UTF-8 strings
Flavors: r-devel-linux-x86_64-fedora-clang, r-devel-linux-x86_64-fedora-gcc, r-oldrel-macos-x86_64