Last updated on 2023-10-03 17:05:54 CEST.
Flavor | Version | Tinstall | Tcheck | Ttotal | Status | Flags |
---|---|---|---|---|---|---|
r-devel-linux-x86_64-debian-clang | 0.11.1 | 138.99 | 357.35 | 496.34 | NOTE | |
r-devel-linux-x86_64-debian-gcc | 0.11.1 | 108.09 | 304.32 | 412.41 | NOTE | |
r-devel-linux-x86_64-fedora-clang | 0.11.1 | 569.84 | NOTE | |||
r-devel-linux-x86_64-fedora-gcc | 0.11.1 | 645.97 | NOTE | |||
r-devel-windows-x86_64 | 0.11.1 | 109.00 | 262.00 | 371.00 | NOTE | |
r-patched-linux-x86_64 | 0.11.1 | 135.59 | 340.45 | 476.04 | NOTE | |
r-release-linux-x86_64 | 0.11.1 | 133.89 | 358.00 | 491.89 | NOTE | |
r-release-macos-arm64 | 0.11.1 | 160.00 | NOTE | |||
r-release-macos-x86_64 | 0.11.1 | 276.00 | NOTE | |||
r-release-windows-x86_64 | 0.11.1 | 142.00 | 328.00 | 470.00 | NOTE | |
r-oldrel-macos-arm64 | 0.11.1 | 153.00 | NOTE | |||
r-oldrel-macos-x86_64 | 0.11.1 | 182.00 | NOTE | |||
r-oldrel-windows-x86_64 | 0.11.1 | 139.00 | 298.00 | 437.00 | NOTE |
Version: 0.11.1
Check: C++ specification
Result: NOTE
Specified C++11: please drop specification unless essential
Flavors: r-devel-linux-x86_64-debian-clang, r-devel-linux-x86_64-debian-gcc, r-devel-linux-x86_64-fedora-clang, r-devel-linux-x86_64-fedora-gcc, r-devel-windows-x86_64, r-patched-linux-x86_64, r-release-linux-x86_64, r-release-macos-arm64, r-release-macos-x86_64, r-release-windows-x86_64
Version: 0.11.1
Check: installed package size
Result: NOTE
installed size is 6.8Mb
sub-directories of 1Mb or more:
R 1.3Mb
doc 3.6Mb
Flavors: r-devel-linux-x86_64-fedora-clang, r-devel-windows-x86_64, r-release-macos-arm64, r-release-macos-x86_64, r-release-windows-x86_64, r-oldrel-macos-arm64, r-oldrel-macos-x86_64, r-oldrel-windows-x86_64