Last updated on 2024-04-19 08:54:39 CEST.
Flavor | Version | Tinstall | Tcheck | Ttotal | Status | Flags |
---|---|---|---|---|---|---|
r-devel-linux-x86_64-debian-clang | 0.11.2 | 150.20 | 318.25 | 468.45 | OK | |
r-devel-linux-x86_64-debian-gcc | 0.12.0 | OK | ||||
r-devel-linux-x86_64-fedora-clang | 0.12.0 | 711.38 | NOTE | |||
r-devel-linux-x86_64-fedora-gcc | 0.12.0 | 709.51 | OK | |||
r-prerel-macos-arm64 | 0.12.0 | 171.00 | NOTE | |||
r-prerel-macos-x86_64 | 0.12.0 | 438.00 | NOTE | |||
r-prerel-windows-x86_64 | 0.12.0 | 113.00 | 313.00 | 426.00 | NOTE | |
r-patched-linux-x86_64 | 0.11.2 | 150.83 | 303.17 | 454.00 | OK | |
r-release-linux-x86_64 | 0.11.2 | 145.03 | 306.89 | 451.92 | OK | |
r-release-macos-arm64 | 0.12.0 | 167.00 | NOTE | |||
r-release-macos-x86_64 | 0.12.0 | 392.00 | NOTE | |||
r-release-windows-x86_64 | 0.11.2 | 149.00 | 332.00 | 481.00 | NOTE | |
r-oldrel-macos-arm64 | 0.12.0 | 144.00 | NOTE | |||
r-oldrel-windows-x86_64 | 0.11.2 | 145.00 | 302.00 | 447.00 | NOTE |
Version: 0.12.0
Check: installed package size
Result: NOTE
installed size is 6.8Mb
sub-directories of 1Mb or more:
R 1.4Mb
doc 3.6Mb
Flavors: r-devel-linux-x86_64-fedora-clang, r-prerel-macos-arm64, r-prerel-macos-x86_64, r-prerel-windows-x86_64, r-release-macos-arm64, r-release-macos-x86_64, r-oldrel-macos-arm64
Version: 0.11.2
Check: installed package size
Result: NOTE
installed size is 7.6Mb
sub-directories of 1Mb or more:
R 1.4Mb
doc 3.6Mb
libs 1.6Mb
Flavors: r-release-windows-x86_64, r-oldrel-windows-x86_64