Last updated on 2024-04-18 08:54:30 CEST.
Flavor | Version | Tinstall | Tcheck | Ttotal | Status | Flags |
---|---|---|---|---|---|---|
r-devel-linux-x86_64-debian-clang | 0.1.3 | 7.56 | 59.19 | 66.75 | NOTE | |
r-devel-linux-x86_64-debian-gcc | 0.1.3 | 6.30 | 45.99 | 52.29 | NOTE | |
r-devel-linux-x86_64-fedora-clang | 0.1.3 | 86.12 | NOTE | |||
r-devel-linux-x86_64-fedora-gcc | 0.1.3 | 94.45 | NOTE | |||
r-prerel-macos-arm64 | 0.1.3 | 32.00 | NOTE | |||
r-prerel-windows-x86_64 | 0.1.3 | 9.00 | 64.00 | 73.00 | NOTE | |
r-patched-linux-x86_64 | 0.1.3 | 6.37 | 57.07 | 63.44 | NOTE | |
r-release-linux-x86_64 | 0.1.3 | 7.91 | 56.38 | 64.29 | OK | |
r-release-macos-arm64 | 0.1.3 | 34.00 | OK | |||
r-release-macos-x86_64 | 0.1.3 | 51.00 | OK | |||
r-release-windows-x86_64 | 0.1.3 | 9.00 | 69.00 | 78.00 | OK | |
r-oldrel-macos-arm64 | 0.1.3 | 27.00 | OK | |||
r-oldrel-windows-x86_64 | 0.1.3 | 9.00 | 75.00 | 84.00 | OK |
Version: 0.1.3
Check: Rd files
Result: NOTE
checkRd: (-1) distribution_vector.Rd:14: Lost braces; missing escapes or markup?
14 | All standard distributions from {stats} package are covered. For a list
| ^
Flavors: r-devel-linux-x86_64-debian-clang, r-devel-linux-x86_64-debian-gcc, r-devel-linux-x86_64-fedora-clang, r-devel-linux-x86_64-fedora-gcc, r-prerel-macos-arm64, r-prerel-windows-x86_64, r-patched-linux-x86_64