Last updated on 2023-11-30 16:49:22 CET.
Flavor | Version | Tinstall | Tcheck | Ttotal | Status | Flags |
---|---|---|---|---|---|---|
r-devel-linux-x86_64-debian-clang | 3.2 | 23.40 | 58.81 | 82.21 | NOTE | |
r-devel-linux-x86_64-debian-gcc | 3.2 | 17.48 | 42.93 | 60.41 | NOTE | |
r-devel-linux-x86_64-fedora-clang | 3.2 | 108.76 | OK | |||
r-devel-linux-x86_64-fedora-gcc | 3.2 | 106.53 | OK | |||
r-devel-windows-x86_64 | 3.2 | 18.00 | 79.00 | 97.00 | OK | |
r-patched-linux-x86_64 | 3.2 | 22.02 | 55.92 | 77.94 | OK | |
r-release-linux-x86_64 | 3.2 | 19.83 | 55.64 | 75.47 | OK | |
r-release-macos-arm64 | 3.2 | 32.00 | OK | |||
r-release-macos-x86_64 | 3.2 | 52.00 | OK | |||
r-release-windows-x86_64 | 3.2 | 21.00 | 92.00 | 113.00 | OK | |
r-oldrel-macos-arm64 | 3.2 | 31.00 | OK | |||
r-oldrel-macos-x86_64 | 3.2 | 38.00 | OK | |||
r-oldrel-windows-x86_64 | 3.2 | 24.00 | 90.00 | 114.00 | OK |
Version: 3.2
Check: Rd files
Result: NOTE
checkRd: (-1) summary.flamcv.rd:8: Lost braces
8 | This function summarizes a call to code{\link{flamCV}} and identifies the tuning parameter chosen by cross-validation.
| ^
Flavors: r-devel-linux-x86_64-debian-clang, r-devel-linux-x86_64-debian-gcc