CRAN Package Check Results for Package flam

Last updated on 2024-07-19 00:53:18 CEST.

Flavor Version Tinstall Tcheck Ttotal Status Flags
r-devel-linux-x86_64-debian-clang 3.2 27.06 59.43 86.49 NOTE
r-devel-linux-x86_64-debian-gcc 3.2 16.88 42.84 59.72 NOTE
r-devel-linux-x86_64-fedora-clang 3.2 119.89 NOTE
r-devel-linux-x86_64-fedora-gcc 3.2 105.95 NOTE
r-devel-windows-x86_64 3.2 20.00 78.00 98.00 NOTE
r-patched-linux-x86_64 3.2 22.67 58.11 80.78 NOTE
r-release-linux-x86_64 3.2 21.05 56.90 77.95 NOTE
r-release-macos-arm64 3.2 30.00 NOTE
r-release-macos-x86_64 3.2 45.00 NOTE
r-release-windows-x86_64 3.2 21.00 81.00 102.00 NOTE
r-oldrel-macos-arm64 3.2 32.00 OK
r-oldrel-macos-x86_64 3.2 52.00 OK
r-oldrel-windows-x86_64 3.2 20.00 93.00 113.00 OK

Check Details

Version: 3.2
Check: Rd files
Result: NOTE checkRd: (-1) summary.flamcv.rd:8: Lost braces 8 | This function summarizes a call to code{\link{flamCV}} and identifies the tuning parameter chosen by cross-validation. | ^ Flavors: r-devel-linux-x86_64-debian-clang, r-devel-linux-x86_64-debian-gcc, r-devel-linux-x86_64-fedora-clang, r-devel-linux-x86_64-fedora-gcc, r-devel-windows-x86_64, r-patched-linux-x86_64, r-release-linux-x86_64, r-release-macos-arm64, r-release-macos-x86_64, r-release-windows-x86_64