Last updated on 2024-04-26 00:56:21 CEST.
Flavor | Version | Tinstall | Tcheck | Ttotal | Status | Flags |
---|---|---|---|---|---|---|
r-devel-linux-x86_64-debian-clang | 0.9.0 | 8.34 | 121.00 | 129.34 | NOTE | |
r-devel-linux-x86_64-debian-gcc | 0.9.0 | 5.52 | 82.81 | 88.33 | NOTE | |
r-devel-linux-x86_64-fedora-clang | 0.9.0 | 158.07 | NOTE | |||
r-devel-linux-x86_64-fedora-gcc | 0.9.0 | 164.82 | NOTE | |||
r-devel-windows-x86_64 | 0.9.0 | 8.00 | 102.00 | 110.00 | NOTE | |
r-patched-linux-x86_64 | 0.9.0 | 5.28 | 107.92 | 113.20 | NOTE | |
r-release-linux-x86_64 | 0.9.0 | 4.57 | 114.88 | 119.45 | OK | |
r-release-macos-arm64 | 0.9.0 | 47.00 | NOTE | |||
r-release-windows-x86_64 | 0.9.0 | 7.00 | 109.00 | 116.00 | NOTE | |
r-oldrel-macos-arm64 | 0.9.0 | 49.00 | OK | |||
r-oldrel-macos-x86_64 | 0.9.0 | 98.00 | OK | |||
r-oldrel-windows-x86_64 | 0.9.0 | 11.00 | 131.00 | 142.00 | OK |
Version: 0.9.0
Check: Rd files
Result: NOTE
checkRd: (-1) flashlight.Rd:53: Lost braces; missing escapes or markup?
53 | like those in package {MetricsWeighted}.}
| ^
checkRd: (-1) grouped_stats.Rd:49: Lost braces; missing escapes or markup?
49 | {MetricsWeighted}.}
| ^
checkRd: (-1) plot_counts.Rd:45: Lost braces; missing escapes or markup?
45 | Experimental. Uses package {ggpubr} to rearrange the figure.
| ^
Flavors: r-devel-linux-x86_64-debian-clang, r-devel-linux-x86_64-debian-gcc, r-devel-linux-x86_64-fedora-clang, r-devel-linux-x86_64-fedora-gcc, r-devel-windows-x86_64, r-patched-linux-x86_64, r-release-macos-arm64, r-release-windows-x86_64