Last updated on 2024-04-23 16:58:15 CEST.
Flavor | Version | Tinstall | Tcheck | Ttotal | Status | Flags |
---|---|---|---|---|---|---|
r-devel-linux-x86_64-debian-clang | 0.9.5 | 24.92 | 308.95 | 333.87 | OK | |
r-devel-linux-x86_64-debian-gcc | 0.9.5 | 18.25 | 213.34 | 231.59 | OK | |
r-devel-linux-x86_64-fedora-clang | 0.9.5 | 402.00 | OK | |||
r-devel-linux-x86_64-fedora-gcc | 0.9.5 | 421.16 | OK | |||
r-prerel-macos-arm64 | 0.9.5 | 107.00 | NOTE | |||
r-prerel-macos-x86_64 | 0.9.5 | 245.00 | OK | |||
r-prerel-windows-x86_64 | 0.9.5 | 21.00 | 272.00 | 293.00 | OK | |
r-patched-linux-x86_64 | 0.9.5 | 33.71 | 287.33 | 321.04 | OK | |
r-release-linux-x86_64 | 0.9.5 | 15.76 | 288.47 | 304.23 | OK | |
r-release-macos-arm64 | 0.9.5 | 102.00 | OK | |||
r-release-macos-x86_64 | 0.9.5 | 232.00 | OK | |||
r-release-windows-x86_64 | 0.9.5 | 29.00 | 341.00 | 370.00 | OK | |
r-oldrel-macos-arm64 | 0.9.5 | 96.00 | OK | |||
r-oldrel-windows-x86_64 | 0.9.5 | 29.00 | 309.00 | 338.00 | OK |
Version: 0.9.5
Check: package dependencies
Result: NOTE
Package suggested but not available for checking: ‘testthat’
Flavor: r-prerel-macos-arm64