Last updated on 2023-05-28 22:00:10 CEST.
Flavor | Version | Tinstall | Tcheck | Ttotal | Status | Flags |
---|---|---|---|---|---|---|
r-devel-linux-x86_64-debian-clang | 0.1.5 | 3.72 | 38.82 | 42.54 | NOTE | |
r-devel-linux-x86_64-debian-gcc | 0.1.5 | 3.18 | 29.96 | 33.14 | NOTE | |
r-devel-linux-x86_64-fedora-clang | 0.1.5 | 53.72 | NOTE | |||
r-devel-linux-x86_64-fedora-gcc | 0.1.5 | 64.97 | NOTE | |||
r-devel-windows-x86_64 | 0.1.5 | 5.00 | 51.00 | 56.00 | NOTE | |
r-patched-linux-x86_64 | 0.1.5 | 3.10 | 37.02 | 40.12 | NOTE | |
r-release-linux-x86_64 | 0.1.5 | 3.56 | 36.74 | 40.30 | NOTE | |
r-release-macos-arm64 | 0.1.5 | 26.00 | NOTE | |||
r-release-macos-x86_64 | 0.1.5 | 41.00 | NOTE | |||
r-release-windows-x86_64 | 0.1.5 | 6.00 | 55.00 | 61.00 | NOTE | |
r-oldrel-macos-arm64 | 0.1.5 | 21.00 | NOTE | |||
r-oldrel-macos-x86_64 | 0.1.5 | 30.00 | NOTE | |||
r-oldrel-windows-x86_64 | 0.1.5 | 6.00 | 61.00 | 67.00 | NOTE |
Version: 0.1.5
Check: LazyData
Result: NOTE
'LazyData' is specified without a 'data' directory
Flavors: r-devel-linux-x86_64-debian-clang, r-devel-linux-x86_64-debian-gcc, r-devel-linux-x86_64-fedora-clang, r-devel-linux-x86_64-fedora-gcc, r-devel-windows-x86_64, r-patched-linux-x86_64, r-release-linux-x86_64, r-release-macos-arm64, r-release-macos-x86_64, r-release-windows-x86_64, r-oldrel-macos-arm64, r-oldrel-macos-x86_64, r-oldrel-windows-x86_64