CRAN Package Check Results for Package flightplot

Last updated on 2021-10-27 16:49:03 CEST.

Flavor Version Tinstall Tcheck Ttotal Status Flags
r-devel-linux-x86_64-debian-clang 0.1.0 5.15 49.10 54.25 OK
r-devel-linux-x86_64-debian-gcc 0.1.0 4.20 37.08 41.28 OK
r-devel-linux-x86_64-fedora-clang 0.1.0 74.33 NOTE
r-devel-linux-x86_64-fedora-gcc 0.1.0 62.54 NOTE
r-devel-windows-x86_64 0.1.0 10.00 71.00 81.00 OK
r-devel-windows-x86_64-gcc10-UCRT 0.1.0 NOTE
r-patched-linux-x86_64 0.1.0 5.26 45.64 50.90 OK
r-patched-solaris-x86 0.1.0 95.10 NOTE
r-release-linux-x86_64 0.1.0 4.77 45.75 50.52 OK
r-release-macos-arm64 0.1.0 NOTE
r-release-macos-x86_64 0.1.0 NOTE
r-release-windows-ix86+x86_64 0.1.0 9.00 66.00 75.00 OK
r-oldrel-macos-x86_64 0.1.0 NOTE
r-oldrel-windows-ix86+x86_64 0.1.0 14.00 70.00 84.00 OK

Check Details

Version: 0.1.0
Check: data for non-ASCII characters
Result: NOTE
     Note: found 710 marked UTF-8 strings
Flavors: r-devel-linux-x86_64-fedora-clang, r-devel-linux-x86_64-fedora-gcc, r-devel-windows-x86_64-gcc10-UCRT, r-patched-solaris-x86, r-release-macos-arm64, r-release-macos-x86_64, r-oldrel-macos-x86_64