Last updated on 2024-04-19 01:04:31 CEST.
Flavor | Version | Tinstall | Tcheck | Ttotal | Status | Flags |
---|---|---|---|---|---|---|
r-devel-linux-x86_64-debian-clang | 0.1.1 | 1.92 | 20.80 | 22.72 | NOTE | |
r-devel-linux-x86_64-debian-gcc | 0.1.1 | 1.30 | 16.06 | 17.36 | NOTE | |
r-devel-linux-x86_64-fedora-clang | 0.1.1 | 28.75 | NOTE | |||
r-devel-linux-x86_64-fedora-gcc | 0.1.1 | 27.44 | NOTE | |||
r-prerel-macos-arm64 | 0.1.1 | 14.00 | NOTE | |||
r-prerel-windows-x86_64 | 0.1.1 | 3.00 | 37.00 | 40.00 | NOTE | |
r-patched-linux-x86_64 | 0.1.1 | 1.99 | 20.00 | 21.99 | NOTE | |
r-release-linux-x86_64 | 0.1.1 | 1.53 | 20.07 | 21.60 | NOTE | |
r-release-macos-arm64 | 0.1.1 | 16.00 | NOTE | |||
r-release-macos-x86_64 | 0.1.1 | 19.00 | NOTE | |||
r-release-windows-x86_64 | 0.1.1 | 4.00 | 36.00 | 40.00 | NOTE | |
r-oldrel-macos-arm64 | 0.1.1 | 16.00 | NOTE | |||
r-oldrel-windows-x86_64 | 0.1.1 | 4.00 | 41.00 | 45.00 | NOTE |
Version: 0.1.1
Check: LazyData
Result: NOTE
'LazyData' is specified without a 'data' directory
Flavors: r-devel-linux-x86_64-debian-clang, r-devel-linux-x86_64-debian-gcc, r-devel-linux-x86_64-fedora-clang, r-devel-linux-x86_64-fedora-gcc, r-prerel-macos-arm64, r-prerel-windows-x86_64, r-patched-linux-x86_64, r-release-linux-x86_64, r-release-macos-arm64, r-release-macos-x86_64, r-release-windows-x86_64, r-oldrel-macos-arm64, r-oldrel-windows-x86_64