Last updated on 2023-02-01 08:59:41 CET.
Flavor | Version | Tinstall | Tcheck | Ttotal | Status | Flags |
---|---|---|---|---|---|---|
r-devel-linux-x86_64-debian-clang | 0.3.2 | 36.27 | 159.14 | 195.41 | OK | |
r-devel-linux-x86_64-debian-gcc | 0.3.2 | 27.07 | 118.00 | 145.07 | OK | |
r-devel-linux-x86_64-fedora-clang | 0.3.2 | 248.50 | NOTE | |||
r-devel-linux-x86_64-fedora-gcc | 0.3.2 | 242.43 | OK | |||
r-devel-windows-x86_64 | 0.3.2 | 59.00 | 230.00 | 289.00 | NOTE | |
r-patched-linux-x86_64 | 0.3.2 | 28.48 | 157.19 | 185.67 | OK | |
r-release-linux-x86_64 | 0.3.2 | 25.50 | 144.92 | 170.42 | OK | |
r-release-macos-arm64 | 0.3.2 | 53.00 | NOTE | |||
r-release-macos-x86_64 | 0.3.2 | 77.00 | NOTE | |||
r-release-windows-x86_64 | 0.3.2 | 61.00 | 228.00 | 289.00 | NOTE | |
r-oldrel-macos-arm64 | 0.3.2 | 54.00 | NOTE | |||
r-oldrel-macos-x86_64 | 0.3.2 | 76.00 | NOTE | |||
r-oldrel-windows-ix86+x86_64 | 0.3.2 | 80.00 | 290.00 | 370.00 | NOTE |
Version: 0.3.2
Check: installed package size
Result: NOTE
installed size is 9.8Mb
sub-directories of 1Mb or more:
doc 9.0Mb
Flavors: r-devel-linux-x86_64-fedora-clang, r-devel-windows-x86_64, r-release-macos-arm64, r-release-macos-x86_64, r-release-windows-x86_64, r-oldrel-macos-arm64, r-oldrel-macos-x86_64, r-oldrel-windows-ix86+x86_64