Last updated on 2024-03-27 23:59:44 CET.
Flavor | Version | Tinstall | Tcheck | Ttotal | Status | Flags |
---|---|---|---|---|---|---|
r-devel-linux-x86_64-debian-clang | 0.3.3 | 35.75 | 107.81 | 143.56 | OK | |
r-devel-linux-x86_64-debian-gcc | 0.3.3 | 26.94 | 80.93 | 107.87 | OK | |
r-devel-linux-x86_64-fedora-clang | 0.3.3 | 185.28 | NOTE | |||
r-devel-linux-x86_64-fedora-gcc | 0.3.3 | 191.25 | OK | |||
r-devel-windows-x86_64 | 0.3.3 | 32.00 | 114.00 | 146.00 | NOTE | |
r-patched-linux-x86_64 | 0.3.3 | 30.90 | 99.99 | 130.89 | OK | |
r-release-linux-x86_64 | 0.3.3 | 34.04 | 102.95 | 136.99 | OK | |
r-release-macos-arm64 | 0.3.3 | 60.00 | NOTE | |||
r-release-macos-x86_64 | 0.3.3 | 125.00 | NOTE | |||
r-release-windows-x86_64 | 0.3.3 | 39.00 | 131.00 | 170.00 | NOTE | |
r-oldrel-macos-arm64 | 0.3.3 | 62.00 | NOTE | |||
r-oldrel-windows-x86_64 | 0.3.3 | 40.00 | 135.00 | 175.00 | NOTE |
Version: 0.3.3
Check: installed package size
Result: NOTE
installed size is 9.9Mb
sub-directories of 1Mb or more:
doc 9.1Mb
Flavors: r-devel-linux-x86_64-fedora-clang, r-devel-windows-x86_64, r-release-macos-arm64, r-release-macos-x86_64, r-release-windows-x86_64, r-oldrel-macos-arm64, r-oldrel-windows-x86_64