CRAN Package Check Results for Package flipr

Last updated on 2021-10-22 20:49:00 CEST.

Flavor Version Tinstall Tcheck Ttotal Status Flags
r-devel-linux-x86_64-debian-clang 0.3.1 31.25 86.85 118.10 OK
r-devel-linux-x86_64-debian-gcc 0.3.1 21.27 64.73 86.00 OK
r-devel-linux-x86_64-fedora-clang 0.3.1 173.20 NOTE
r-devel-linux-x86_64-fedora-gcc 0.3.1 139.40 NOTE
r-devel-windows-x86_64 0.3.1 45.00 128.00 173.00 NOTE
r-devel-windows-x86_64-gcc10-UCRT 0.3.1 NOTE
r-patched-linux-x86_64 0.3.1 27.68 89.51 117.19 OK
r-patched-solaris-x86 0.3.1 151.00 NOTE
r-release-linux-x86_64 0.3.1 28.47 89.69 118.16 OK
r-release-macos-arm64 0.3.1 NOTE
r-release-macos-x86_64 0.3.1 NOTE
r-release-windows-ix86+x86_64 0.3.1 60.00 148.00 208.00 NOTE
r-oldrel-macos-x86_64 0.3.1 NOTE
r-oldrel-windows-ix86+x86_64 0.3.1 76.00 172.00 248.00 NOTE

Check Details

Version: 0.3.1
Check: installed package size
Result: NOTE
     installed size is 9.0Mb
     sub-directories of 1Mb or more:
     doc 7.6Mb
Flavors: r-devel-linux-x86_64-fedora-clang, r-devel-windows-x86_64, r-patched-solaris-x86, r-release-macos-arm64, r-release-macos-x86_64, r-release-windows-ix86+x86_64, r-oldrel-macos-x86_64, r-oldrel-windows-ix86+x86_64

Version: 0.3.1
Check: dependencies in R code
Result: NOTE
    Namespaces in Imports field not imported from:
     ‘R6’ ‘pbapply’
     All declared Imports should be used.
Flavors: r-devel-linux-x86_64-fedora-clang, r-devel-linux-x86_64-fedora-gcc, r-devel-windows-x86_64-gcc10-UCRT, r-patched-solaris-x86, r-release-macos-arm64, r-release-macos-x86_64, r-oldrel-macos-x86_64